Last updated on 2025-10-22 09:50:44 CEST.
Flavor | Version | Tinstall | Tcheck | Ttotal | Status | Flags |
---|---|---|---|---|---|---|
r-devel-linux-x86_64-debian-clang | 1.2 | 16.03 | 66.23 | 82.26 | NOTE | |
r-devel-linux-x86_64-debian-gcc | 1.2 | 13.01 | 46.51 | 59.52 | NOTE | |
r-devel-linux-x86_64-fedora-clang | 1.2 | 43.00 | 87.28 | 130.28 | NOTE | |
r-devel-linux-x86_64-fedora-gcc | 1.2 | 31.00 | 101.08 | 132.08 | NOTE | |
r-devel-windows-x86_64 | 1.2 | 20.00 | 86.00 | 106.00 | NOTE | |
r-patched-linux-x86_64 | 1.2 | 17.74 | 61.29 | 79.03 | NOTE | |
r-release-linux-x86_64 | 1.2 | 16.64 | 62.03 | 78.67 | NOTE | |
r-release-macos-arm64 | 1.2 | 12.00 | 37.00 | 49.00 | NOTE | |
r-release-macos-x86_64 | 1.2 | 18.00 | 68.00 | 86.00 | NOTE | |
r-release-windows-x86_64 | 1.2 | 19.00 | 88.00 | 107.00 | NOTE | |
r-oldrel-macos-arm64 | 1.2 | 11.00 | 34.00 | 45.00 | NOTE | |
r-oldrel-macos-x86_64 | 1.2 | 12.00 | 49.00 | 61.00 | NOTE | |
r-oldrel-windows-x86_64 | 1.2 | 25.00 | 107.00 | 132.00 | NOTE |
Version: 1.2
Check: Rd files
Result: NOTE
checkRd: (-1) getPCRAData.Rd:28: Lost braces in \itemize; meant \describe ?
checkRd: (-1) getPCRAData.Rd:29: Lost braces in \itemize; meant \describe ?
Flavors: r-devel-linux-x86_64-debian-clang, r-devel-linux-x86_64-debian-gcc, r-devel-linux-x86_64-fedora-clang, r-devel-linux-x86_64-fedora-gcc, r-devel-windows-x86_64, r-patched-linux-x86_64, r-release-linux-x86_64, r-release-macos-arm64, r-release-macos-x86_64, r-release-windows-x86_64, r-oldrel-macos-arm64, r-oldrel-macos-x86_64, r-oldrel-windows-x86_64
Version: 1.2
Check: for unstated dependencies in ‘demo’
Result: NOTE
'::' or ':::' imports not declared from:
‘MASS’ ‘tensr’
'library' or 'require' calls not declared from:
‘MASS’ ‘facmodCS’ ‘fit.models’ ‘sandwich’
Flavors: r-devel-linux-x86_64-debian-clang, r-devel-linux-x86_64-debian-gcc, r-patched-linux-x86_64, r-release-linux-x86_64