CRAN Package Check Results for Package Phase123

Last updated on 2025-10-22 09:50:45 CEST.

Flavor Version Tinstall Tcheck Ttotal Status Flags
r-devel-linux-x86_64-debian-clang 2.1 39.22 65.07 104.29 NOTE
r-devel-linux-x86_64-debian-gcc 2.1 23.22 47.13 70.35 NOTE
r-devel-linux-x86_64-fedora-clang 2.1 64.00 98.62 162.62 OK
r-devel-linux-x86_64-fedora-gcc 2.1 60.00 92.00 152.00 OK
r-devel-windows-x86_64 2.1 37.00 99.00 136.00 OK
r-patched-linux-x86_64 2.1 34.91 61.53 96.44 OK
r-release-linux-x86_64 2.1 32.11 61.69 93.80 OK
r-release-macos-arm64 2.1 16.00 33.00 49.00 OK
r-release-macos-x86_64 2.1 34.00 57.00 91.00 OK
r-release-windows-x86_64 2.1 37.00 104.00 141.00 OK
r-oldrel-macos-arm64 2.1 15.00 30.00 45.00 NOTE
r-oldrel-macos-x86_64 2.1 32.00 43.00 75.00 NOTE
r-oldrel-windows-x86_64 2.1 46.00 124.00 170.00 NOTE

Check Details

Version: 2.1
Check: CRAN incoming feasibility
Result: NOTE Maintainer: ‘Andrew G Chapple <achapp@lsuhsc.edu>’ No Authors@R field in DESCRIPTION. Please add one, modifying Authors@R: person(given = c("Andrew", "G"), family = "Chapple", role = c("aut", "cre"), email = "achapp@lsuhsc.edu") as necessary. Flavors: r-devel-linux-x86_64-debian-clang, r-devel-linux-x86_64-debian-gcc

Version: 2.1
Check: LazyData
Result: NOTE 'LazyData' is specified without a 'data' directory Flavors: r-oldrel-macos-arm64, r-oldrel-macos-x86_64, r-oldrel-windows-x86_64