CRAN Package Check Results for Package PoA

Last updated on 2025-07-04 09:49:59 CEST.

Flavor Version Tinstall Tcheck Ttotal Status Flags
r-devel-linux-x86_64-debian-clang 1.2.1 4.04 31.68 35.72 NOTE
r-devel-linux-x86_64-debian-gcc 1.2.1 2.57 24.49 27.06 NOTE
r-devel-linux-x86_64-fedora-clang 1.2.1 54.49 OK
r-devel-linux-x86_64-fedora-gcc 1.2.1 51.84 OK
r-devel-windows-x86_64 1.2.1 5.00 49.00 54.00 OK
r-patched-linux-x86_64 1.2.1 3.35 30.01 33.36 OK
r-release-linux-x86_64 1.2.1 3.37 30.52 33.89 OK
r-release-macos-arm64 1.2.1 22.00 OK
r-release-macos-x86_64 1.2.1 34.00 OK
r-release-windows-x86_64 1.2.1 4.00 49.00 53.00 OK
r-oldrel-macos-arm64 1.2.1 20.00 NOTE
r-oldrel-macos-x86_64 1.2.1 29.00 NOTE
r-oldrel-windows-x86_64 1.2.1 6.00 57.00 63.00 NOTE

Check Details

Version: 1.2.1
Check: CRAN incoming feasibility
Result: NOTE Maintainer: ‘Hector Haffenden <haffendenh@cardiff.ac.uk>’ No Authors@R field in DESCRIPTION. Please add one, modifying Authors@R: person(given = "Hector", family = "Haffenden", role = c("aut", "cre"), email = "haffendenh@cardiff.ac.uk") as necessary. Flavors: r-devel-linux-x86_64-debian-clang, r-devel-linux-x86_64-debian-gcc

Version: 1.2.1
Check: LazyData
Result: NOTE 'LazyData' is specified without a 'data' directory Flavors: r-oldrel-macos-arm64, r-oldrel-macos-x86_64, r-oldrel-windows-x86_64