Last updated on 2025-10-21 09:48:41 CEST.
Flavor | Version | Tinstall | Tcheck | Ttotal | Status | Flags |
---|---|---|---|---|---|---|
r-devel-linux-x86_64-debian-clang | 0.7.0 | 20.67 | 397.44 | 418.11 | OK | |
r-devel-linux-x86_64-debian-gcc | 0.7.0 | 14.96 | 240.54 | 255.50 | NOTE | |
r-devel-linux-x86_64-fedora-clang | 0.7.0 | 686.37 | OK | |||
r-devel-linux-x86_64-fedora-gcc | 0.7.0 | 648.12 | OK | |||
r-devel-windows-x86_64 | 0.7.0 | 25.00 | 359.00 | 384.00 | OK | |
r-patched-linux-x86_64 | 0.7.0 | 22.12 | 374.63 | 396.75 | OK | |
r-release-linux-x86_64 | 0.7.0 | 20.42 | 372.79 | 393.21 | OK | |
r-release-macos-arm64 | 0.7.0 | 142.00 | OK | |||
r-release-macos-x86_64 | 0.7.0 | 376.00 | OK | |||
r-release-windows-x86_64 | 0.7.0 | 26.00 | 361.00 | 387.00 | OK | |
r-oldrel-macos-arm64 | 0.7.0 | 146.00 | OK | |||
r-oldrel-macos-x86_64 | 0.7.0 | 262.00 | OK | |||
r-oldrel-windows-x86_64 | 0.7.0 | 36.00 | 485.00 | 521.00 | OK |
Version: 0.7.0
Check: HTML version of manual
Result: NOTE
Found the following HTML validation problems:
design_summary.html:54:1 (design_summary.Rd:14): Warning: missing </ul> before </div>
log_prior_pdf.html:81:1 (log_prior_pdf.Rd:30): Warning: missing </ul> before </div>
median_hilow_poped.html:52:1 (median_hilow_poped.Rd:13): Warning: missing </ul> before </div>
Flavor: r-devel-linux-x86_64-debian-gcc