Last updated on 2025-10-22 09:50:46 CEST.
Flavor | Version | Tinstall | Tcheck | Ttotal | Status | Flags |
---|---|---|---|---|---|---|
r-devel-linux-x86_64-debian-clang | 1.1.0 | 10.34 | 64.36 | 74.70 | NOTE | |
r-devel-linux-x86_64-debian-gcc | 1.1.0 | 6.97 | 43.82 | 50.79 | NOTE | |
r-devel-linux-x86_64-fedora-clang | 1.1.0 | 24.00 | 91.96 | 115.96 | NOTE | |
r-devel-linux-x86_64-fedora-gcc | 1.1.0 | 25.00 | 101.08 | 126.08 | NOTE | |
r-devel-windows-x86_64 | 1.1.0 | 10.00 | 66.00 | 76.00 | NOTE | |
r-patched-linux-x86_64 | 1.1.0 | 11.56 | 61.71 | 73.27 | NOTE | |
r-release-linux-x86_64 | 1.1.0 | 9.67 | 62.96 | 72.63 | NOTE | |
r-release-macos-arm64 | 1.1.0 | 4.00 | 31.00 | 35.00 | NOTE | |
r-release-macos-x86_64 | 1.1.0 | 10.00 | 78.00 | 88.00 | NOTE | |
r-release-windows-x86_64 | 1.1.0 | 11.00 | 75.00 | 86.00 | NOTE | |
r-oldrel-macos-arm64 | 1.1.0 | 3.00 | 39.00 | 42.00 | NOTE | |
r-oldrel-macos-x86_64 | 1.1.0 | 7.00 | 68.00 | 75.00 | NOTE | |
r-oldrel-windows-x86_64 | 1.1.0 | 11.00 | 87.00 | 98.00 | NOTE |
Version: 1.1.0
Check: Rd files
Result: NOTE
checkRd: (-1) bira2.Rd:91: Escaped LaTeX specials: \&
checkRd: (-1) bira2.Rd:144: Escaped LaTeX specials: \&
checkRd: (-1) bira2.Rd:146: Escaped LaTeX specials: \&
checkRd: (-1) bira2.Rd:148: Escaped LaTeX specials: \&
checkRd: (-1) bira2.Rd:150: Escaped LaTeX specials: \&
checkRd: (-1) cra2.Rd:126: Escaped LaTeX specials: \&
checkRd: (-1) cra2.Rd:219: Escaped LaTeX specials: \&
checkRd: (-1) cra2.Rd:221: Escaped LaTeX specials: \&
checkRd: (-1) cra2.Rd:223: Escaped LaTeX specials: \&
checkRd: (-1) cra2.Rd:225: Escaped LaTeX specials: \&
checkRd: (-1) cra2.Rd:227: Escaped LaTeX specials: \&
checkRd: (-1) cra2.Rd:229: Escaped LaTeX specials: \&
checkRd: (-1) cra2.Rd:231: Escaped LaTeX specials: \&
checkRd: (-1) cra2.Rd:233: Escaped LaTeX specials: \&
checkRd: (-1) cra2.Rd:235: Escaped LaTeX specials: \&
checkRd: (-1) cra2.Rd:237: Escaped LaTeX specials: \&
checkRd: (-1) cra3.Rd:301: Escaped LaTeX specials: \&
checkRd: (-1) cra3.Rd:303: Escaped LaTeX specials: \&
checkRd: (-1) cra3.Rd:305: Escaped LaTeX specials: \&
checkRd: (-1) cra3.Rd:307: Escaped LaTeX specials: \&
checkRd: (-1) cra3.Rd:309: Escaped LaTeX specials: \&
checkRd: (-1) med_pn.Rd:129: Escaped LaTeX specials: \&
Flavors: r-devel-linux-x86_64-debian-clang, r-devel-linux-x86_64-debian-gcc, r-devel-linux-x86_64-fedora-clang, r-devel-linux-x86_64-fedora-gcc, r-devel-windows-x86_64, r-patched-linux-x86_64, r-release-linux-x86_64, r-release-macos-arm64, r-release-macos-x86_64, r-release-windows-x86_64, r-oldrel-macos-arm64, r-oldrel-macos-x86_64, r-oldrel-windows-x86_64