Last updated on 2025-10-22 09:50:47 CEST.
Flavor | Version | Tinstall | Tcheck | Ttotal | Status | Flags |
---|---|---|---|---|---|---|
r-devel-linux-x86_64-debian-clang | 0.0.9 | 51.03 | 28.28 | 79.31 | NOTE | |
r-devel-linux-x86_64-debian-gcc | 0.0.9 | 33.70 | 22.23 | 55.93 | NOTE | |
r-devel-linux-x86_64-fedora-clang | 0.0.9 | 120.00 | 27.87 | 147.87 | OK | |
r-devel-linux-x86_64-fedora-gcc | 0.0.9 | 92.00 | 39.27 | 131.27 | OK | |
r-devel-windows-x86_64 | 0.0.9 | 54.00 | 60.00 | 114.00 | OK | |
r-patched-linux-x86_64 | 0.0.9 | 50.23 | 26.62 | 76.85 | OK | |
r-release-linux-x86_64 | 0.0.9 | 49.50 | 26.38 | 75.88 | OK | |
r-release-macos-arm64 | 0.0.9 | 25.00 | 20.00 | 45.00 | OK | |
r-release-macos-x86_64 | 0.0.9 | 23.00 | 33.00 | 56.00 | OK | |
r-release-windows-x86_64 | 0.0.9 | 56.00 | 66.00 | 122.00 | OK | |
r-oldrel-macos-arm64 | 0.0.9 | 22.00 | 19.00 | 41.00 | OK | |
r-oldrel-macos-x86_64 | 0.0.9 | 32.00 | 28.00 | 60.00 | OK | |
r-oldrel-windows-x86_64 | 0.0.9 | 70.00 | 74.00 | 144.00 | OK |
Version: 0.0.9
Check: HTML version of manual
Result: NOTE
Found the following HTML validation problems:
print.MellinQF.html:55:1 (print.MellinQF.Rd:14): Warning: missing </ul> before </div>
print.MellinQF_ratio.html:55:1 (print.MellinQF_ratio.Rd:14): Warning: missing </ul> before </div>
Flavors: r-devel-linux-x86_64-debian-clang, r-devel-linux-x86_64-debian-gcc