Last updated on 2025-10-22 09:50:47 CEST.
Flavor | Version | Tinstall | Tcheck | Ttotal | Status | Flags |
---|---|---|---|---|---|---|
r-devel-linux-x86_64-debian-clang | 0.1.7 | 13.58 | 109.73 | 123.31 | NOTE | |
r-devel-linux-x86_64-debian-gcc | 0.1.7 | 9.35 | 76.72 | 86.07 | NOTE | |
r-devel-linux-x86_64-fedora-clang | 0.1.7 | 36.00 | 164.40 | 200.40 | OK | |
r-devel-linux-x86_64-fedora-gcc | 0.1.7 | 29.00 | 150.55 | 179.55 | OK | |
r-devel-windows-x86_64 | 0.1.7 | 14.00 | 117.00 | 131.00 | OK | |
r-patched-linux-x86_64 | 0.1.7 | 13.35 | 102.99 | 116.34 | OK | |
r-release-linux-x86_64 | 0.1.7 | 11.70 | 103.21 | 114.91 | OK | |
r-release-macos-arm64 | 0.1.7 | 5.00 | 44.00 | 49.00 | OK | |
r-release-macos-x86_64 | 0.1.7 | 12.00 | 85.00 | 97.00 | OK | |
r-release-windows-x86_64 | 0.1.7 | 13.00 | 121.00 | 134.00 | OK | |
r-oldrel-macos-arm64 | 0.1.7 | 3.00 | 205.00 | 208.00 | OK | |
r-oldrel-macos-x86_64 | 0.1.7 | 5.00 | 226.00 | 231.00 | OK | |
r-oldrel-windows-x86_64 | 0.1.7 | 19.00 | 146.00 | 165.00 | OK |
Version: 0.1.7
Check: HTML version of manual
Result: NOTE
Found the following HTML validation problems:
defunct.html:51:1 (defunct.Rd:17): Warning: missing </ul> before </div>
rpartD.html:168:1 (rpartD.Rd:45): Warning: <h4> anchor "Dichotomize-Single-Predictor" already defined
rpartD.html:185:1 (rpartD.Rd:57): Warning: <h4> anchor "Dichotomize-Multiple-Predictors" already defined
Flavors: r-devel-linux-x86_64-debian-clang, r-devel-linux-x86_64-debian-gcc