Last updated on 2025-10-21 09:48:42 CEST.
Flavor | Version | Tinstall | Tcheck | Ttotal | Status | Flags |
---|---|---|---|---|---|---|
r-devel-linux-x86_64-debian-clang | 1.1.0 | 4.97 | 169.83 | 174.80 | OK | |
r-devel-linux-x86_64-debian-gcc | 1.1.0 | 4.97 | 116.28 | 121.25 | NOTE | |
r-devel-linux-x86_64-fedora-clang | 1.1.0 | 303.84 | OK | |||
r-devel-linux-x86_64-fedora-gcc | 1.1.0 | 263.69 | OK | |||
r-devel-windows-x86_64 | 1.1.0 | 11.00 | 126.00 | 137.00 | OK | |
r-patched-linux-x86_64 | 1.1.0 | 7.73 | 167.25 | 174.98 | OK | |
r-release-linux-x86_64 | 1.1.0 | 7.11 | 167.59 | 174.70 | OK | |
r-release-macos-arm64 | 1.1.0 | 80.00 | OK | |||
r-release-macos-x86_64 | 1.1.0 | 114.00 | OK | |||
r-release-windows-x86_64 | 1.1.0 | 11.00 | 125.00 | 136.00 | OK | |
r-oldrel-macos-arm64 | 1.1.0 | 81.00 | OK | |||
r-oldrel-macos-x86_64 | 1.1.0 | 116.00 | OK | |||
r-oldrel-windows-x86_64 | 1.1.0 | 12.00 | 156.00 | 168.00 | OK |
Version: 1.1.0
Check: HTML version of manual
Result: NOTE
Found the following HTML validation problems:
Household.html:141:1 (Household.Rd:80): Warning: <h5> anchor "Usage" already defined
Household.html:158:1 (Household.Rd:91): Warning: <h5> anchor "Usage" already defined
Household.html:164:1 (Household.Rd:95): Warning: <h5> anchor "Arguments" already defined
Household.html:188:1 (Household.Rd:109): Warning: <h5> anchor "Usage" already defined
Household.html:194:1 (Household.Rd:113): Warning: <h5> anchor "Arguments" already defined
Household.html:217:1 (Household.Rd:126): Warning: <h5> anchor "Usage" already defined
Household.html:223:1 (Household.Rd:130): Warning: <h5> anchor "Arguments" already defined
Household.html:247:1 (Household.Rd:144): Warning: <h5> anchor "Usage" already defined
Household.html:253:1 (Household.Rd:148): Warning: <h5> anchor "Arguments" already defined
Household.html:277:1 (Household.Rd:162): Warning: <h5> anchor "Usage" already defined
Household.html:283:1 (Household.Rd:166): Warning: <h5> anchor "Arguments" already defined
Household.html:306:1 (Household.Rd:179): Warning: <h5> anchor "Usage" already defined
Household.html:312:1 (Household.Rd:183): Warning: <h5> anchor "Arguments" already defined
Household.html:335:1 (Household.Rd:196): Warning: <h5> anchor "Usage" already defined
Household.html:341:1 (Household.Rd:200): Warning: <h5> anchor "Arguments" already defined
HouseholdMember.html:140:1 (HouseholdMember.Rd:79): Warning: <h5> anchor "Usage" already defined
HouseholdMember.html:146:1 (HouseholdMember.Rd:83): Warning: <h5> anchor "Arguments" already defined
HouseholdMember.html:169:1 (HouseholdMember.Rd:96): Warning: <h5> anchor "Usage" already defined
HouseholdMember.html:185:1 (HouseholdMember.Rd:106): Warning: <h5> anchor "Usage" already defined
HouseholdMember.html:201:1 (HouseholdMember.Rd:116): Warning: <h5> anchor "Usage" already defined
HouseholdMember.html:207:1 (HouseholdMember.Rd:120): Warning: <h5> anchor "Arguments" already defined
HouseholdMember.html:230:1 (HouseholdMember.Rd:133): Warning: <h5> anchor "Usage" already defined
HouseholdMember.html:236:1 (HouseholdMember.Rd:137): Warning: <h5> anchor "Arguments" already defined
HouseholdMember.html:259:1 (HouseholdMember.Rd:150): Warning: <h5> anchor "Usage" already defined
HouseholdMember.html:265:1 (HouseholdMember.Rd:154): Warning: <h5> anchor "Arguments" already defined
HouseholdMember.html:288:1 (HouseholdMember.Rd:167): Warning: <h5> anchor "Usage" already defined
HouseholdMember.html:297:1 (HouseholdMember.Rd:174): Warning: <h5> anchor "Arguments" already defined
HouseholdMember.html:322:1 (HouseholdMember.Rd:189): Warning: <h5> anchor "Usage" already defined
HouseholdMember.html:338:1 (HouseholdMember.Rd:199): Warning: <h5> anchor "Usage" already defined
HouseholdMember.html:344:1 (HouseholdMember.Rd:203): Warning: <h5> anchor "Arguments" already defined
HouseholdMember.html:373:1 (HouseholdMember.Rd:222): Warning: <h5> anchor "Usage" already defined
HouseholdMember.html:379:1 (HouseholdMember.Rd:226): Warning: <h5> anchor "Arguments" already defined
Flavor: r-devel-linux-x86_64-debian-gcc