Last updated on 2025-10-21 09:48:42 CEST.
Flavor | Version | Tinstall | Tcheck | Ttotal | Status | Flags |
---|---|---|---|---|---|---|
r-devel-linux-x86_64-debian-clang | 0.4.0 | 2.40 | 24.72 | 27.12 | OK | |
r-devel-linux-x86_64-debian-gcc | 0.4.0 | 2.01 | 20.25 | 22.26 | NOTE | |
r-devel-linux-x86_64-fedora-clang | 0.4.0 | 41.18 | OK | |||
r-devel-linux-x86_64-fedora-gcc | 0.4.0 | 37.93 | OK | |||
r-devel-windows-x86_64 | 0.4.0 | 4.00 | 47.00 | 51.00 | OK | |
r-patched-linux-x86_64 | 0.4.0 | 2.73 | 23.37 | 26.10 | OK | |
r-release-linux-x86_64 | 0.4.0 | 2.71 | 23.33 | 26.04 | OK | |
r-release-macos-arm64 | 0.4.0 | 19.00 | OK | |||
r-release-macos-x86_64 | 0.4.0 | 44.00 | OK | |||
r-release-windows-x86_64 | 0.4.0 | 4.00 | 50.00 | 54.00 | OK | |
r-oldrel-macos-arm64 | 0.4.0 | 23.00 | OK | |||
r-oldrel-macos-x86_64 | 0.4.0 | 35.00 | OK | |||
r-oldrel-windows-x86_64 | 0.4.0 | 5.00 | 53.00 | 58.00 | OK |
Version: 0.4.0
Check: HTML version of manual
Result: NOTE
Found the following HTML validation problems:
Repository.html:83:1 (Repository.Rd:117): Warning: <h5> anchor "Usage" already defined
Repository.html:116:1 (Repository.Rd:138): Warning: <h5> anchor "Usage" already defined
Repository.html:122:1 (Repository.Rd:142): Warning: <h5> anchor "Arguments" already defined
Repository.html:145:1 (Repository.Rd:155): Warning: <h5> anchor "Usage" already defined
Repository.html:151:1 (Repository.Rd:159): Warning: <h5> anchor "Arguments" already defined
Flavor: r-devel-linux-x86_64-debian-gcc