CRAN Package Check Results for Package R6causal

Last updated on 2025-10-21 09:48:42 CEST.

Flavor Version Tinstall Tcheck Ttotal Status Flags
r-devel-linux-x86_64-debian-clang 0.8.3 13.06 71.61 84.67 OK
r-devel-linux-x86_64-debian-gcc 0.8.3 7.98 55.28 63.26 NOTE
r-devel-linux-x86_64-fedora-clang 0.8.3 131.92 OK
r-devel-linux-x86_64-fedora-gcc 0.8.3 132.44 OK
r-devel-windows-x86_64 0.8.3 14.00 113.00 127.00 OK
r-patched-linux-x86_64 0.8.3 12.04 66.74 78.78 OK
r-release-linux-x86_64 0.8.3 12.71 66.35 79.06 OK
r-release-macos-arm64 0.8.3 57.00 OK
r-release-macos-x86_64 0.8.3 81.00 OK
r-release-windows-x86_64 0.8.3 15.00 116.00 131.00 OK
r-oldrel-macos-arm64 0.8.3 43.00 OK
r-oldrel-macos-x86_64 0.8.3 68.00 OK
r-oldrel-windows-x86_64 0.8.3 19.00 123.00 142.00 OK

Check Details

Version: 0.8.3
Check: HTML version of manual
Result: NOTE Found the following HTML validation problems: LinearGaussianSCM.html:232:1 (LinearGaussianSCM.Rd:162): Warning: <h5> anchor "Usage" already defined LinearGaussianSCM.html:238:1 (LinearGaussianSCM.Rd:166): Warning: <h5> anchor "Arguments" already defined ParallelWorld.html:182:1 (ParallelWorld.Rd:134): Warning: <h5> anchor "Usage" already defined ParallelWorld.html:188:1 (ParallelWorld.Rd:138): Warning: <h5> anchor "Arguments" already defined SCM.html:253:1 (SCM.Rd:259): Warning: <h5> anchor "Usage" already defined SCM.html:259:1 (SCM.Rd:263): Warning: <h5> anchor "Examples" already defined SCM.html:278:1 (SCM.Rd:277): Warning: <h5> anchor "Usage" already defined SCM.html:284:1 (SCM.Rd:281): Warning: <h5> anchor "Arguments" already defined SCM.html:301:1 (SCM.Rd:292): Warning: <h5> anchor "Examples" already defined SCM.html:321:1 (SCM.Rd:307): Warning: <h5> anchor "Usage" already defined SCM.html:333:1 (SCM.Rd:317): Warning: <h5> anchor "Arguments" already defined SCM.html:364:1 (SCM.Rd:338): Warning: <h5> anchor "Usage" already defined SCM.html:370:1 (SCM.Rd:342): Warning: <h5> anchor "Arguments" already defined SCM.html:395:1 (SCM.Rd:357): Warning: <h5> anchor "Usage" already defined SCM.html:401:1 (SCM.Rd:361): Warning: <h5> anchor "Arguments" already defined SCM.html:426:1 (SCM.Rd:376): Warning: <h5> anchor "Usage" already defined SCM.html:432:1 (SCM.Rd:380): Warning: <h5> anchor "Arguments" already defined SCM.html:457:1 (SCM.Rd:395): Warning: <h5> anchor "Usage" already defined SCM.html:463:1 (SCM.Rd:399): Warning: <h5> anchor "Arguments" already defined SCM.html:488:1 (SCM.Rd:414): Warning: <h5> anchor "Usage" already defined SCM.html:500:1 (SCM.Rd:424): Warning: <h5> anchor "Arguments" already defined SCM.html:521:1 (SCM.Rd:439): Warning: <h5> anchor "Examples" already defined SCM.html:547:1 (SCM.Rd:460): Warning: <h5> anchor "Usage" already defined SCM.html:553:1 (SCM.Rd:464): Warning: <h5> anchor "Arguments" already defined SCM.html:566:1 (SCM.Rd:471): Warning: <h5> anchor "Examples" already defined SCM.html:590:1 (SCM.Rd:490): Warning: <h5> anchor "Usage" already defined SCM.html:596:1 (SCM.Rd:494): Warning: <h5> anchor "Arguments" already defined SCM.html:613:1 (SCM.Rd:505): Warning: <h5> anchor "Returns" already defined SCM.html:637:1 (SCM.Rd:521): Warning: <h5> anchor "Usage" already defined SCM.html:650:1 (SCM.Rd:532): Warning: <h5> anchor "Arguments" already defined SCM.html:673:1 (SCM.Rd:549): Warning: <h5> anchor "Returns" already defined SCM.html:680:1 (SCM.Rd:552): Warning: <h5> anchor "Examples" already defined SCM.html:701:1 (SCM.Rd:568): Warning: <h5> anchor "Usage" already defined SCM.html:707:1 (SCM.Rd:572): Warning: <h5> anchor "Arguments" already defined SCM.html:722:1 (SCM.Rd:581): Warning: <h5> anchor "Returns" already defined SCM.html:729:1 (SCM.Rd:584): Warning: <h5> anchor "Examples" already defined SCM.html:748:1 (SCM.Rd:598): Warning: <h5> anchor "Usage" already defined SCM.html:754:1 (SCM.Rd:602): Warning: <h5> anchor "Arguments" already defined SCM.html:769:1 (SCM.Rd:611): Warning: <h5> anchor "Examples" already defined SCM.html:799:1 (SCM.Rd:636): Warning: <h5> anchor "Usage" already defined SCM.html:812:1 (SCM.Rd:647): Warning: <h5> anchor "Arguments" already defined SCM.html:835:1 (SCM.Rd:664): Warning: <h5> anchor "Examples" already defined SCM.html:856:1 (SCM.Rd:680): Warning: <h5> anchor "Usage" already defined SCM.html:862:1 (SCM.Rd:684): Warning: <h5> anchor "Arguments" already defined analytic_linear_gaussian.html:61:1 (analytic_linear_gaussian.Rd:18): Warning: missing </ul> before </div> analytic_linear_gaussian_conditining.html:57:1 (analytic_linear_gaussian_conditining.Rd:16): Warning: missing </ul> before </div> Flavor: r-devel-linux-x86_64-debian-gcc