Last updated on 2025-10-24 09:50:14 CEST.
| Flavor | Version | Tinstall | Tcheck | Ttotal | Status | Flags |
|---|---|---|---|---|---|---|
| r-devel-linux-x86_64-debian-clang | 1.1 | 6.18 | 64.95 | 71.13 | OK | |
| r-devel-linux-x86_64-debian-gcc | 1.1 | 5.53 | 46.69 | 52.22 | OK | |
| r-devel-linux-x86_64-fedora-clang | 1.1 | 36.00 | 84.95 | 120.95 | NOTE | |
| r-devel-linux-x86_64-fedora-gcc | 1.1 | 59.00 | 59.44 | 118.44 | NOTE | |
| r-devel-windows-x86_64 | 1.1 | 9.00 | 82.00 | 91.00 | OK | |
| r-patched-linux-x86_64 | 1.1 | 8.55 | 63.78 | 72.33 | OK | |
| r-release-linux-x86_64 | 1.1 | 7.86 | 63.18 | 71.04 | OK | |
| r-release-macos-arm64 | 1.1 | 5.00 | 30.00 | 35.00 | OK | |
| r-release-macos-x86_64 | 1.1 | 9.00 | 67.00 | 76.00 | OK | |
| r-release-windows-x86_64 | 1.1 | 10.00 | 82.00 | 92.00 | OK | |
| r-oldrel-macos-arm64 | 1.1 | 5.00 | 29.00 | 34.00 | OK | |
| r-oldrel-macos-x86_64 | 1.1 | 7.00 | 43.00 | 50.00 | OK | |
| r-oldrel-windows-x86_64 | 1.1 | 8.00 | 81.00 | 89.00 | OK |
Version: 1.1
Check: compiled code
Result: NOTE
File ‘RANKS/libs/RANKS.so’:
Found no calls to: ‘R_registerRoutines’, ‘R_useDynamicSymbols’
It is good practice to register native routines and to disable symbol
search.
See ‘Writing portable packages’ in the ‘Writing R Extensions’ manual.
Flavors: r-devel-linux-x86_64-fedora-clang, r-devel-linux-x86_64-fedora-gcc