CRAN Package Check Results for Package RDnp

Last updated on 2025-07-03 09:50:50 CEST.

Flavor Version Tinstall Tcheck Ttotal Status Flags
r-devel-linux-x86_64-debian-clang 1.3 6.70 54.35 61.05 NOTE
r-devel-linux-x86_64-debian-gcc 1.3 4.91 39.17 44.08 NOTE
r-devel-linux-x86_64-fedora-clang 1.3 92.95 OK
r-devel-linux-x86_64-fedora-gcc 1.3 88.56 OK
r-devel-windows-x86_64 1.3 8.00 67.00 75.00 OK
r-patched-linux-x86_64 1.3 6.82 49.95 56.77 OK
r-release-linux-x86_64 1.3 4.61 50.46 55.07 OK
r-release-macos-armrelease-macos-arm64 1.3 27.00 OK
r-release-macos-x86_64 1.3 48.00 OK
r-release-windows-x86_64 1.3 9.00 72.00 81.00 OK
r-oldrel-macos-arm64 1.3 27.00 OK
r-oldrel-macos-x86_64 1.3 40.00 OK
r-oldrel-windows-x86_64 1.3 9.00 78.00 87.00 OK

Check Details

Vails

Version: 1.3
Check: CRAN incoming feasibility
Result: NOTE Maintainer: ‘Hasan BULUT <hasan.bulut@omu.edu.tr>’ No Authors@R field in DESCRIPTION. Please add one, modifying Authors@R: person(given = "Hasan", family = "BULUT", role = c("aut", "cre"), email = "hasan.bulut@omu.edu.tr") as necessary. Flavors: r-devel-linux-x86_64-debian-clang, r-devel-linux-x86_64-debian-gcc