Last updated on 2025-10-21 09:48:44 CEST.
Flavor | Version | Tinstall | Tcheck | Ttotal | Status | Flags |
---|---|---|---|---|---|---|
r-devel-linux-x86_64-debian-clang | 0.1.1 | 17.43 | 116.09 | 133.52 | OK | |
r-devel-linux-x86_64-debian-gcc | 0.1.1 | 10.56 | 79.20 | 89.76 | NOTE | |
r-devel-linux-x86_64-fedora-clang | 0.1.1 | 210.33 | OK | |||
r-devel-linux-x86_64-fedora-gcc | 0.1.1 | 204.78 | OK | |||
r-devel-windows-x86_64 | 0.1.1 | 19.00 | 126.00 | 145.00 | OK | |
r-patched-linux-x86_64 | 0.1.1 | 18.40 | 107.85 | 126.25 | OK | |
r-release-linux-x86_64 | 0.1.1 | 16.18 | 108.26 | 124.44 | OK | |
r-release-macos-arm64 | 0.1.1 | 48.00 | OK | |||
r-release-macos-x86_64 | 0.1.1 | 110.00 | OK | |||
r-release-windows-x86_64 | 0.1.1 | 20.00 | 124.00 | 144.00 | OK | |
r-oldrel-macos-arm64 | 0.1.1 | 47.00 | OK | |||
r-oldrel-macos-x86_64 | 0.1.1 | 87.00 | OK | |||
r-oldrel-windows-x86_64 | 0.1.1 | 26.00 | 155.00 | 181.00 | OK |
Version: 0.1.1
Check: HTML version of manual
Result: NOTE
Found the following HTML validation problems:
Dconstraint.html:50:1 (Dconstraint.Rd:12): Warning: missing </ul> before </div>
FUNcov.html:80:1 (FUNcov.Rd:27): Warning: missing </ul> before </div>
HPDinterval.html:50:1 (HPDinterval.Rd:12): Warning: missing </ul> before </div>
assignConstraints.html:51:1 (assignConstraints.Rd:13): Warning: missing </ul> before </div>
computeCovar.html:55:1 (computeCovar.Rd:15): Warning: missing </ul> before </div>
constraint.html:50:1 (constraint.Rd:12): Warning: missing </ul> before </div>
dateTsList.html:54:1 (dateTsList.Rd:14): Warning: missing </ul> before </div>
dot-BayesFitNAWRU.html:96:1 (dot-BayesFitNAWRU.Rd:45): Warning: missing </ul> before </div>
dot-BayesFitTFP.html:96:1 (dot-BayesFitTFP.Rd:45): Warning: missing </ul> before </div>
dot-MLEfitNAWRU.html:70:1 (dot-MLEfitNAWRU.Rd:27): Warning: missing </ul> before </div>
dot-MLEfitTFP.html:70:1 (dot-MLEfitTFP.Rd:27): Warning: missing </ul> before </div>
dot-SSSystem.html:78:1 (dot-SSSystem.Rd:31): Warning: missing </ul> before </div>
dot-SSmodelfit.html:50:1 (dot-SSmodelfit.Rd:12): Warning: missing </ul> before </div>
dot-SSresults.html:54:1 (dot-SSresults.Rd:14): Warning: missing </ul> before </div>
dot-SSresultsBayesian.html:60:1 (dot-SSresultsBayesian.Rd:18): Warning: missing </ul> before </div>
dot-aggregate.html:54:1 (dot-aggregate.Rd:14): Warning: missing </ul> before </div>
dot-assignGibbsFUN.html:94:1 (dot-assignGibbsFUN.Rd:44): Warning: missing </ul> before </div>
dot-checkBayesInput.html:101:1 (dot-checkBayesInput.Rd:48): Warning: missing </ul> before </div>
dot-checkBoundaries.html:51:1 (dot-checkBoundaries.Rd:13): Warning: missing </ul> before </div>
dot-checkCV.html:51:1 (dot-checkCV.Rd:13): Warning: missing </ul> before </div>
dot-checkCubs.html:65:1 (dot-checkCubs.Rd:23): Warning: missing </ul> before </div>
dot-checkKuttner.html:94:1 (dot-checkKuttner.Rd:42): Warning: missing </ul> before </div>
dot-checkModelMLEfit.html:51:1 (dot-checkModelMLEfit.Rd:13): Warning: missing </ul> before </div>
dot-checkModelPrior.html:52:1 (dot-checkModelPrior.Rd:14): Warning: missing </ul> before </div>
dot-checkNawru.html:118:1 (dot-checkNawru.Rd:59): Warning: missing </ul> before </div>
dot-checkParRestr.html:53:1 (dot-checkParRestr.Rd:15): Warning: missing </ul> before </div>
dot-checkPrior.html:51:1 (dot-checkPrior.Rd:13): Warning: missing </ul> before </div>
dot-checkTfp.html:100:1 (dot-checkTfp.Rd:46): Warning: missing </ul> before </div>
dot-deltaMethodObs.html:58:1 (dot-deltaMethodObs.Rd:16): Warning: missing </ul> before </div>
dot-deltaMethodState.html:54:1 (dot-deltaMethodState.Rd:14): Warning: missing </ul> before </div>
dot-getXYcubs.html:68:1 (dot-getXYcubs.Rd:22): Warning: missing </ul> before </div>
dot-getXYpcInd.html:67:1 (dot-getXYpcInd.Rd:21): Warning: missing </ul> before </div>
dot-initializeVar.html:75:1 (dot-initializeVar.Rd:29): Warning: missing </ul> before </div>
dot-modifySSSystem.html:52:1 (dot-modifySSSystem.Rd:13): Warning: missing </ul> before </div>
dot-mvrnorm.html:50:1 (dot-mvrnorm.Rd:12): Warning: missing </ul> before </div>
dot-normalize.html:46:1 (dot-normalize.Rd:10): Warning: missing </ul> before </div>
dot-printGeweke.html:56:1 (dot-printGeweke.Rd:16): Warning: missing </ul> before </div>
dot-printSSModel.html:54:1 (dot-printSSModel.Rd:14): Warning: missing </ul> before </div>
dot-printSSModelFit.html:58:1 (dot-printSSModelFit.Rd:16): Warning: missing </ul> before </div>
dot-priorMSd2Parameter.html:73:1 (dot-priorMSd2Parameter.Rd:28): Warning: missing </ul> before </div>
dot-updateSSSystem.html:100:1 (dot-updateSSSystem.Rd:47): Warning: missing </ul> before </div>
extract_ameco_data.html:46:1 (extract_ameco_data.Rd:10): Warning: missing </ul> before </div>
extract_indicator_data.html:46:1 (extract_indicator_data.Rd:10): Warning: missing </ul> before </div>
firstLetterUp.html:46:1 (firstLetterUp.Rd:10): Warning: missing </ul> before </div>
growth.html:51:1 (growth.Rd:13): Warning: missing </ul> before </div>
inference.html:58:1 (inference.Rd:17): Warning: missing </ul> before </div>
matmult3d.html:46:1 (matmult3d.Rd:10): Warning: missing </ul> before </div>
operTsLists.html:54:1 (operTsLists.Rd:14): Warning: missing </ul> before </div>
plotGap.html:121:1 (plotGap.Rd:60): Warning: missing </ul> before </div>
plotSSprediction.html:119:1 (plotSSprediction.Rd:58): Warning: missing </ul> before </div>
plotSSresults.html:114:1 (plotSSresults.Rd:55): Warning: missing </ul> before </div>
plot_gibbs_output.html:127:1 (plot_gibbs_output.Rd:61): Warning: missing </ul> before </div>
predictBayes.html:59:1 (predictBayes.Rd:18): Warning: missing </ul> before </div>
predictMLE.html:59:1 (predictMLE.Rd:18): Warning: missing </ul> before </div>
Flavor: r-devel-linux-x86_64-debian-gcc