Last updated on 2025-07-04 09:50:01 CEST.
Flavor | Version | Tinstall | Tcheck | Ttotal | Status | Flags |
---|---|---|---|---|---|---|
r-devel-linux-x86_64-debian-clang | 4.0.11 | 275.79 | 125.24 | 401.03 | OK | |
r-devel-linux-x86_64-debian-gcc | 4.0.11 | 195.30 | 122.14 | 317.44 | OK | |
r-devel-linux-x86_64-fedora-clang | 4.0.11 | 740.27 | OK | |||
r-devel-linux-x86_64-fedora-gcc | 4.0.11 | 725.04 | OK | |||
r-devel-windows-x86_64 | 4.0.11 | 303.00 | 226.00 | 529.00 | OK | |
r-patched-linux-x86_64 | 4.0.11 | 282.72 | 122.81 | 405.53 | OK | |
r-release-linux-x86_64 | 4.0.11 | 275.13 | 123.17 | 398.30 | OK | |
r-release-macos-arm64 | 4.0.11 | 171.00 | OK | |||
r-release-macos-x86_64 | 4.0.11 | 208.00 | OK | |||
r-release-windows-x86_64 | 4.0.11 | 313.00 | 227.00 | 540.00 | OK | |
r-oldrel-macos-arm64 | 4.0.11 | 153.00 | NOTE | |||
r-oldrel-macos-x86_64 | 4.0.11 | 194.00 | NOTE | |||
r-oldrel-windows-x86_64 | 4.0.11 | 365.00 | 243.00 | 608.00 | OK |
Version: 4.0.11
Check: installed package size
Result: NOTE
installed size is 30.5Mb
sub-directories of 1Mb or more:
libs 30.3Mb
Flavors: r-oldrel-macos-arm64, r-oldrel-macos-x86_64