CRAN Package Check Results for Package RPublica

Last updated on 2025-10-22 09:50:50 CEST.

Flavor Version Tinstall Tcheck Ttotal Status Flags
r-devel-linux-x86_64-debian-clang 0.1.3 1.47 22.52 23.99 NOTE
r-devel-linux-x86_64-debian-gcc 0.1.3 1.48 18.53 20.01 NOTE
r-devel-linux-x86_64-fedora-clang 0.1.3 34.33 OK
r-devel-linux-x86_64-fedora-gcc 0.1.3 32.45 OK
r-devel-windows-x86_64 0.1.3 3.00 41.00 44.00 OK
r-patched-linux-x86_64 0.1.3 1.98 20.09 22.07 OK
r-release-linux-x86_64 0.1.3 1.77 20.39 22.16 OK
r-release-macos-arm64 0.1.3 1.00 18.00 19.00 OK
r-release-macos-x86_64 0.1.3 2.00 23.00 25.00 OK
r-release-windows-x86_64 0.1.3 4.00 42.00 46.00 OK
r-oldrel-macos-arm64 0.1.3 1.00 16.00 17.00 OK
r-oldrel-macos-x86_64 0.1.3 2.00 20.00 22.00 OK
r-oldrel-windows-x86_64 0.1.3 4.00 44.00 48.00 OK

Check Details

Version: 0.1.3
Check: CRAN incoming feasibility
Result: NOTE Maintainer: ‘Thomas J. Leeper <thosjleeper@gmail.com>’ Package CITATION file contains call(s) to old-style personList() or as.personList(). Please use c() on person objects instead. Package CITATION file contains call(s) to old-style citEntry(). Please use bibentry() instead. Flavors: r-devel-linux-x86_64-debian-clang, r-devel-linux-x86_64-debian-gcc