Last updated on 2025-10-21 09:48:46 CEST.
Flavor | Version | Tinstall | Tcheck | Ttotal | Status | Flags |
---|---|---|---|---|---|---|
r-devel-linux-x86_64-debian-clang | 0.6.4 | 16.69 | 95.97 | 112.66 | NOTE | |
r-devel-linux-x86_64-debian-gcc | 0.6.4 | 12.41 | 65.69 | 78.10 | NOTE | |
r-devel-linux-x86_64-fedora-clang | 0.6.4 | 191.63 | NOTE | |||
r-devel-linux-x86_64-fedora-gcc | 0.6.4 | 184.09 | NOTE | |||
r-devel-windows-x86_64 | 0.6.4 | 22.00 | 126.00 | 148.00 | NOTE | |
r-patched-linux-x86_64 | 0.6.4 | 18.75 | 90.08 | 108.83 | NOTE | |
r-release-linux-x86_64 | 0.6.4 | 20.62 | 88.71 | 109.33 | NOTE | |
r-release-macos-arm64 | 0.6.4 | 66.00 | NOTE | |||
r-release-macos-x86_64 | 0.6.4 | 113.00 | NOTE | |||
r-release-windows-x86_64 | 0.6.4 | 26.00 | 121.00 | 147.00 | NOTE | |
r-oldrel-macos-arm64 | 0.6.4 | 60.00 | NOTE | |||
r-oldrel-macos-x86_64 | 0.6.4 | 132.00 | NOTE | |||
r-oldrel-windows-x86_64 | 0.6.4 | 29.00 | 156.00 | 185.00 | NOTE |
Version: 0.6.4
Check: CRAN incoming feasibility
Result: NOTE
Maintainer: ‘Alan Butler <rabutler@usbr.gov>’
Found the following (possibly) invalid URLs:
URL: http://www.riverware.org/HelpSystem/index.html#page/SolutionApproaches/Solutions_MRM.4.5.html#ww477402
From: man/read_rw_csv.Rd
Message: Invalid URL: '#' not allowed in fragment
Flavors: r-devel-linux-x86_64-debian-clang, r-devel-linux-x86_64-debian-gcc
Version: 0.6.4
Check: C++ specification
Result: NOTE
Specified C++11: please drop specification unless essential
Flavors: r-devel-linux-x86_64-debian-clang, r-devel-linux-x86_64-debian-gcc, r-devel-linux-x86_64-fedora-clang, r-devel-linux-x86_64-fedora-gcc, r-devel-windows-x86_64, r-patched-linux-x86_64, r-release-linux-x86_64, r-release-macos-arm64, r-release-macos-x86_64, r-release-windows-x86_64, r-oldrel-macos-arm64, r-oldrel-macos-x86_64, r-oldrel-windows-x86_64
Version: 0.6.4
Check: HTML version of manual
Result: NOTE
Found the following HTML validation problems:
as_rwd_agg.html:63:1 (as_rwd_agg.Rd:25): Warning: missing </ul> before </div>
createSlotAggList.html:48:1 (createSlotAggList.Rd:11): Warning: missing </ul> before </div>
Flavor: r-devel-linux-x86_64-debian-gcc