Last updated on 2025-10-22 09:50:47 CEST.
Flavor | Version | Tinstall | Tcheck | Ttotal | Status | Flags |
---|---|---|---|---|---|---|
r-devel-linux-x86_64-debian-clang | 0.1.1 | 2.06 | 29.13 | 31.19 | NOTE | |
r-devel-linux-x86_64-debian-gcc | 0.1.1 | 1.49 | 23.25 | 24.74 | NOTE | |
r-devel-linux-x86_64-fedora-clang | 0.1.1 | 47.31 | OK | |||
r-devel-linux-x86_64-fedora-gcc | 0.1.1 | 59.75 | OK | |||
r-devel-windows-x86_64 | 0.1.1 | 3.00 | 52.00 | 55.00 | OK | |
r-patched-linux-x86_64 | 0.1.1 | 2.41 | 27.65 | 30.06 | OK | |
r-release-linux-x86_64 | 0.1.1 | 1.95 | 27.55 | 29.50 | OK | |
r-release-macos-arm64 | 0.1.1 | 1.00 | 22.00 | 23.00 | OK | |
r-release-macos-x86_64 | 0.1.1 | 2.00 | 42.00 | 44.00 | OK | |
r-release-windows-x86_64 | 0.1.1 | 4.00 | 55.00 | 59.00 | OK | |
r-oldrel-macos-arm64 | 0.1.1 | 1.00 | 22.00 | 23.00 | NOTE | |
r-oldrel-macos-x86_64 | 0.1.1 | 2.00 | 32.00 | 34.00 | NOTE | |
r-oldrel-windows-x86_64 | 0.1.1 | 5.00 | 59.00 | 64.00 | NOTE |
Version: 0.1.1
Check: CRAN incoming feasibility
Result: NOTE
Maintainer: ‘Chapman Siu <chpmn.siu@gmail.com>’
No Authors@R field in DESCRIPTION.
Please add one, modifying
Authors@R: person(given = "Chapman",
family = "Siu",
role = c("aut", "cre"),
email = "chpmn.siu@gmail.com")
as necessary.
Flavors: r-devel-linux-x86_64-debian-clang, r-devel-linux-x86_64-debian-gcc
Version: 0.1.1
Check: HTML version of manual
Result: NOTE
Found the following HTML validation problems:
Unlist.html:48:1 (Unlist.Rd:11): Warning: missing </ul> before </div>
satisfy.html:46:1 (satisfy.Rd:10): Warning: missing </ul> before </div>
Flavors: r-devel-linux-x86_64-debian-clang, r-devel-linux-x86_64-debian-gcc
Version: 0.1.1
Check: LazyData
Result: NOTE
'LazyData' is specified without a 'data' directory
Flavors: r-oldrel-macos-arm64, r-oldrel-macos-x86_64, r-oldrel-windows-x86_64