Last updated on 2025-07-04 09:50:00 CEST.
Flavor | Version | Tinstall | Tcheck | Ttotal | Status | Flags |
---|---|---|---|---|---|---|
r-devel-linux-x86_64-debian-clang | 2.3.4 | 3.82 | 34.79 | 38.61 | OK | |
r-devel-linux-x86_64-debian-gcc | 2.3.4 | 3.03 | 26.75 | 29.78 | OK | |
r-devel-linux-x86_64-fedora-clang | 2.3.4 | 59.67 | OK | |||
r-devel-linux-x86_64-fedora-gcc | 2.3.4 | 70.35 | OK | |||
r-devel-windows-x86_64 | 2.3.4 | 6.00 | 53.00 | 59.00 | OK | |
r-patched-linux-x86_64 | 2.3.4 | 3.72 | 32.41 | 36.13 | OK | |
r-release-linux-x86_64 | 2.3.4 | 3.70 | 32.53 | 36.23 | OK | |
r-release-macos-arm64 | 2.3.4 | 29.00 | OK | |||
r-release-macos-x86_64 | 2.3.4 | 59.00 | OK | |||
r-release-windows-x86_64 | 2.3.4 | 5.00 | 53.00 | 58.00 | OK | |
r-oldrel-macos-arm64 | 2.3.4 | 29.00 | NOTE | |||
r-oldrel-macos-x86_64 | 2.3.4 | 41.00 | NOTE | |||
r-oldrel-windows-x86_64 | 2.3.4 | 7.00 | 62.00 | 69.00 | NOTE |
Version: 2.3.4
Check: LazyData
Result: NOTE
'LazyData' is specified without a 'data' directory
Flavors: r-oldrel-macos-arm64, r-oldrel-macos-x86_64, r-oldrel-windows-x86_64