Last updated on 2025-10-22 09:50:48 CEST.
Flavor | Version | Tinstall | Tcheck | Ttotal | Status | Flags |
---|---|---|---|---|---|---|
r-devel-linux-x86_64-debian-clang | 1.2.2.1 | 66.56 | 28.59 | 95.15 | OK | |
r-devel-linux-x86_64-debian-gcc | 1.2.2.1 | 41.55 | 22.39 | 63.94 | OK | |
r-devel-linux-x86_64-fedora-clang | 1.2.2.1 | 103.00 | 76.02 | 179.02 | OK | |
r-devel-linux-x86_64-fedora-gcc | 1.2.2.1 | 84.00 | 78.88 | 162.88 | OK | |
r-devel-windows-x86_64 | 1.2.2.1 | 76.00 | 80.00 | 156.00 | OK | |
r-patched-linux-x86_64 | 1.2.2.1 | 68.54 | 26.94 | 95.48 | OK | |
r-release-linux-x86_64 | 1.2.2.1 | 59.76 | 26.96 | 86.72 | OK | |
r-release-macos-arm64 | 1.2.2.1 | 26.00 | 18.00 | 44.00 | OK | |
r-release-macos-x86_64 | 1.2.2.1 | 37.00 | 32.00 | 69.00 | OK | |
r-release-windows-x86_64 | 1.2.2.1 | 75.00 | 75.00 | 150.00 | OK | |
r-oldrel-macos-arm64 | 1.2.2.1 | 24.00 | 22.00 | 46.00 | NOTE | |
r-oldrel-macos-x86_64 | 1.2.2.1 | 24.00 | 41.00 | 65.00 | OK | |
r-oldrel-windows-x86_64 | 1.2.2.1 | 87.00 | 90.00 | 177.00 | OK |
Version: 1.2.2.1
Check: installed package size
Result: NOTE
installed size is 5.5Mb
sub-directories of 1Mb or more:
libs 5.4Mb
Flavor: r-oldrel-macos-arm64