Last updated on 2025-10-21 09:48:43 CEST.
Flavor | Version | Tinstall | Tcheck | Ttotal | Status | Flags |
---|---|---|---|---|---|---|
r-devel-linux-x86_64-debian-clang | 1.0.1 | 2.43 | 31.16 | 33.59 | OK | |
r-devel-linux-x86_64-debian-gcc | 1.0.1 | 1.83 | 24.94 | 26.77 | NOTE | |
r-devel-linux-x86_64-fedora-clang | 1.0.1 | 58.68 | OK | |||
r-devel-linux-x86_64-fedora-gcc | 1.0.1 | 60.55 | OK | |||
r-devel-windows-x86_64 | 1.0.1 | 5.00 | 55.00 | 60.00 | OK | |
r-patched-linux-x86_64 | 1.0.1 | 2.45 | 28.35 | 30.80 | OK | |
r-release-linux-x86_64 | 1.0.1 | 2.44 | 28.82 | 31.26 | OK | |
r-release-macos-arm64 | 1.0.1 | 24.00 | OK | |||
r-release-macos-x86_64 | 1.0.1 | 41.00 | OK | |||
r-release-windows-x86_64 | 1.0.1 | 6.00 | 56.00 | 62.00 | OK | |
r-oldrel-macos-arm64 | 1.0.1 | 42.00 | OK | |||
r-oldrel-macos-x86_64 | 1.0.1 | 84.00 | OK | |||
r-oldrel-windows-x86_64 | 1.0.1 | 4.00 | 63.00 | 67.00 | OK |
Version: 1.0.1
Check: HTML version of manual
Result: NOTE
Found the following HTML validation problems:
as_markdown.html:50:1 (as_markdown.Rd:12): Warning: missing </ul> before </div>
md_document.html:65:1 (md_document.Rd:23): Warning: missing </ul> before </div>
output_format.html:60:1 (output_format.Rd:18): Warning: missing </ul> before </div>
read_rdfile.html:50:1 (read_rdfile.Rd:12): Warning: missing </ul> before </div>
Flavor: r-devel-linux-x86_64-debian-gcc