Last updated on 2025-10-21 09:48:44 CEST.
Flavor | Version | Tinstall | Tcheck | Ttotal | Status | Flags |
---|---|---|---|---|---|---|
r-devel-linux-x86_64-debian-clang | 0.11.1.0 | 92.77 | 145.35 | 238.12 | OK | |
r-devel-linux-x86_64-debian-gcc | 0.11.1.0 | 63.35 | 99.89 | 163.24 | NOTE | |
r-devel-linux-x86_64-fedora-clang | 0.11.1.0 | 477.63 | OK | |||
r-devel-linux-x86_64-fedora-gcc | 0.11.1.0 | 387.77 | OK | |||
r-devel-windows-x86_64 | 0.11.1.0 | 106.00 | 159.00 | 265.00 | OK | |
r-patched-linux-x86_64 | 0.11.1.0 | 91.35 | 136.71 | 228.06 | OK | |
r-release-linux-x86_64 | 0.11.1.0 | 95.46 | 136.26 | 231.72 | OK | |
r-release-macos-arm64 | 0.11.1.0 | 102.00 | OK | |||
r-release-macos-x86_64 | 0.11.1.0 | 149.00 | OK | |||
r-release-windows-x86_64 | 0.11.1.0 | 110.00 | 157.00 | 267.00 | OK | |
r-oldrel-macos-arm64 | 0.11.1.0 | 93.00 | NOTE | |||
r-oldrel-macos-x86_64 | 0.11.1.0 | 173.00 | NOTE | |||
r-oldrel-windows-x86_64 | 0.11.1.0 | 124.00 | 210.00 | 334.00 | OK |
Version: 0.11.1.0
Check: HTML version of manual
Result: NOTE
Found the following HTML validation problems:
autohonestRF.html:47:1 (autohonestRF.Rd:10): Warning: missing </ul> before </div>
forest_checker.html:46:1 (forest_checker.Rd:10): Warning: missing </ul> before </div>
honestRF.html:47:1 (honestRF.Rd:10): Warning: missing </ul> before </div>
loadForestry-forestry.html:47:1 (loadForestry-forestry.Rd:10): Warning: missing </ul> before </div>
relinkCPP.html:47:1 (relinkCPP.Rd:10): Warning: missing </ul> before </div>
saveForestry-forestry.html:55:1 (saveForestry-forestry.Rd:14): Warning: missing </ul> before </div>
testing_data_checker-forestry.html:54:1 (testing_data_checker-forestry.Rd:15): Warning: missing </ul> before </div>
training_data_checker-forestry.html:191:1 (training_data_checker-forestry.Rd:109): Warning: missing </ul> before </div>
Flavor: r-devel-linux-x86_64-debian-gcc
Version: 0.11.1.0
Check: installed package size
Result: NOTE
installed size is 7.5Mb
sub-directories of 1Mb or more:
libs 7.3Mb
Flavors: r-oldrel-macos-arm64, r-oldrel-macos-x86_64