CRAN Package Check Results for Package Rlgt

Last updated on 2025-10-21 09:48:45 CEST.

Flavor Version Tinstall Tcheck Ttotal Status Flags
r-devel-linux-x86_64-debian-clang 0.2-3 1302.39 215.37 1517.76 OK
r-devel-linux-x86_64-debian-gcc 0.2-3 1093.76 234.07 1327.83 NOTE
r-devel-linux-x86_64-fedora-clang 0.2-3 2612.09 OK
r-devel-linux-x86_64-fedora-gcc 0.2-3 3232.62 OK
r-devel-windows-x86_64 0.2-3 1380.00 349.00 1729.00 OK
r-patched-linux-x86_64 0.2-3 1469.70 331.79 1801.49 OK
r-release-linux-x86_64 0.2-3 1474.49 329.24 1803.73 OK
r-release-macos-arm64 0.2-3 447.00 OK
r-release-macos-x86_64 0.2-3 428.00 OK
r-release-windows-x86_64 0.2-3 1369.00 329.00 1698.00 OK
r-oldrel-macos-arm64 0.2-3 509.00 NOTE
r-oldrel-macos-x86_64 0.2-3 513.00 NOTE
r-oldrel-windows-x86_64 0.2-3 1554.00 410.00 1964.00 NOTE

Check Details

Version: 0.2-3
Check: HTML version of manual
Result: NOTE Found the following HTML validation problems: Rlgt-package.html:127:1 (Rlgt-package.Rd:79): Warning: <h4> anchor "Model-Equations" already defined Rlgt-package.html:177:1 (Rlgt-package.Rd:110): Warning: <h4> anchor "Model-Equations" already defined Rlgt-package.html:200:1 (Rlgt-package.Rd:120): Warning: <h4> anchor "Additional-Notations" already defined Rlgt-package.html:213:1 (Rlgt-package.Rd:127): Warning: <h4> anchor "Additional-Parameters" already defined lgt.html:51:1 (lgt.Rd:13): Warning: missing </ul> before </div> Flavor: r-devel-linux-x86_64-debian-gcc

Version: 0.2-3
Check: installed package size
Result: NOTE installed size is 161.2Mb sub-directories of 1Mb or more: libs 160.2Mb Flavors: r-oldrel-macos-arm64, r-oldrel-macos-x86_64, r-oldrel-windows-x86_64

Version: 0.2-3
Check: for GNU extensions in Makefiles
Result: NOTE GNU make is a SystemRequirements. Flavors: r-oldrel-macos-arm64, r-oldrel-macos-x86_64, r-oldrel-windows-x86_64