Last updated on 2025-07-03 09:50:52 CEST.
Flavor | Version | Tinstall | Tcheck | Ttotal | Status | Flags | |||||
---|---|---|---|---|---|---|---|---|---|---|---|
r-devel-linux-x86_64-debian-clang | 0.8-3 | 53.79 | 51.82 | 105.61 | NOTE | ||||||
r-devel-linux-x86_64-debian-gcc | 0.8-3 | 41.53 | 37.55 | 79.08 | NOTE | ||||||
r-devel-linux-x86_64-fedora-clang | 0.8-3 | 192.72 | NOTE | ||||||||
r-devel-linux-x86_64-fedora-gcc | 0.8-3 | 188.95 | NOTE | ||||||||
r-devel-windows-x86_64 | 0.8-3 | 58.00 | 98.00 | 156.00 | NOTE | ||||||
r-patched-linux-x86_64 | 0.8-3 | 61.53 | 50.02 | 111.55 | NOTE | ||||||
r-release-linux-x86_64 | 0.8-3 | 60.13 | 49.62 | 109.75 | NOTE | ||||||
r-release-macos-arm64 | 0.8-3 | 48.00 | NOTE | ||||||||
r-release-macos-x86_64 | 0.8-3 | 81.00 | NOTE | ||||||||
r-release-windows-x86_64 | 0.8-3 | 62.00 | 91.00 | 153.00 | NOTE | ||||||
r-oldrel-macos-arm64 | 0.8-3 | 48.00 | r-oldrel-macos-x86_64 | 0.8-3 | 69.00 | NOTE | |||||
r-oldrel-windows-x86_64 | 0.8-3 | 74.00 | 110.00 | 184.00 | NOTE |
Version: 0.8-3
Check: C++ specification
Result: NOTE
Specified C++11: please drop specification unless essential
Flavors: r-devel-linux-x86_64-debian-clang, r-devel-linux-x86_64-debian-gcc, r-devel-linux-x86_64-fedora-clang, r-devel-linux-x86_64-fedora-gcc, r-devel-windows-x86_64, r-patched-linux-x86_64, r-release-linux-x86_64, r-release-macos-arm64, r-release-macos-x86_64, r-release-windows-x86_64, r-oldrel-macos-arm64, r-oldrel-macos-x86_64, r-oldrel-windows-x86_64
Version: 0.8-3
Check: installed package size
Result: NOTE
installed size is 10.3Mb
sub-directories of 1Mb or more:
libs 9.3Mb
Flavors: r-oldrel-macos-arm64, r-oldrel-macos-x86_64