Last updated on 2025-10-21 09:48:46 CEST.
Flavor | Version | Tinstall | Tcheck | Ttotal | Status | Flags |
---|---|---|---|---|---|---|
r-devel-linux-x86_64-debian-clang | 1.1.5 | 84.78 | 95.82 | 180.60 | NOTE | |
r-devel-linux-x86_64-debian-gcc | 1.1.5 | 58.51 | 68.53 | 127.04 | NOTE | |
r-devel-linux-x86_64-fedora-clang | 1.1.5 | 386.40 | NOTE | |||
r-devel-linux-x86_64-fedora-gcc | 1.1.5 | 336.15 | NOTE | |||
r-devel-windows-x86_64 | 1.1.5 | 109.00 | 142.00 | 251.00 | NOTE | |
r-patched-linux-x86_64 | 1.1.5 | 84.66 | 91.60 | 176.26 | NOTE | |
r-release-linux-x86_64 | 1.1.5 | 81.09 | 91.28 | 172.37 | NOTE | |
r-release-macos-arm64 | 1.1.5 | 94.00 | NOTE | |||
r-release-macos-x86_64 | 1.1.5 | 151.00 | NOTE | |||
r-release-windows-x86_64 | 1.1.5 | 109.00 | 140.00 | 249.00 | NOTE | |
r-oldrel-macos-arm64 | 1.1.5 | 97.00 | NOTE | |||
r-oldrel-macos-x86_64 | 1.1.5 | 107.00 | NOTE | |||
r-oldrel-windows-x86_64 | 1.1.5 | 114.00 | 179.00 | 293.00 | NOTE |
Version: 1.1.5
Check: CRAN incoming feasibility
Result: NOTE
Maintainer: ‘Mikkel Meyer Andersen <mikl@math.aau.dk>’
Package CITATION file contains call(s) to old-style personList() or
as.personList(). Please use c() on person objects instead.
Package CITATION file contains call(s) to old-style citEntry(). Please
use bibentry() instead.
Flavors: r-devel-linux-x86_64-debian-clang, r-devel-linux-x86_64-debian-gcc
Version: 1.1.5
Check: C++ specification
Result: NOTE
Specified C++14: please drop specification unless essential
Flavors: r-devel-linux-x86_64-debian-clang, r-devel-linux-x86_64-debian-gcc, r-devel-linux-x86_64-fedora-clang, r-devel-linux-x86_64-fedora-gcc, r-devel-windows-x86_64, r-patched-linux-x86_64, r-release-linux-x86_64, r-release-macos-arm64, r-release-macos-x86_64, r-release-windows-x86_64, r-oldrel-macos-arm64, r-oldrel-macos-x86_64, r-oldrel-windows-x86_64
Version: 1.1.5
Check: HTML version of manual
Result: NOTE
Found the following HTML validation problems:
Hessian.html:50:1 (Hessian.Rd:12): Warning: missing </ul> before </div>
Jacobian.html:50:1 (Jacobian.Rd:12): Warning: missing </ul> before </div>
Math.yac_symbol.html:51:1 (Math.yac_symbol.Rd:12): Warning: missing </ul> before </div>
Ops.yac_symbol.html:51:1 (Ops.yac_symbol.Rd:12): Warning: missing </ul> before </div>
as.character.yac_symbol.html:51:1 (as.character.yac_symbol.Rd:12): Warning: missing </ul> before </div>
as_y.html:46:1 (as_y.Rd:10): Warning: missing </ul> before </div>
cbind.yac_symbol.html:51:1 (cbind.yac_symbol.Rd:12): Warning: missing </ul> before </div>
deriv.yac_symbol.html:51:1 (deriv.yac_symbol.Rd:12): Warning: missing </ul> before </div>
diag-set.html:50:1 (diag-set.Rd:12): Warning: missing </ul> before </div>
diag.html:50:1 (diag.Rd:12): Warning: missing </ul> before </div>
grapes-times-grapes.html:50:1 (grapes-times-grapes.Rd:12): Warning: missing </ul> before </div>
lower.tri.html:51:1 (lower.tri.Rd:13): Warning: missing </ul> before </div>
prod.yac_symbol.html:55:1 (prod.yac_symbol.Rd:14): Warning: missing </ul> before </div>
rbind.yac_symbol.html:51:1 (rbind.yac_symbol.Rd:12): Warning: missing </ul> before </div>
set_output_width.html:46:1 (set_output_width.Rd:10): Warning: missing </ul> before </div>
simplify.html:51:1 (simplify.Rd:13): Warning: missing </ul> before </div>
sub-.yac_symbol.html:55:1 (sub-.yac_symbol.Rd:14): Warning: missing </ul> before </div>
sub-sub-.yac_symbol.html:51:1 (sub-sub-.yac_symbol.Rd:12): Warning: missing </ul> before </div>
subset-.yac_symbol.html:59:1 (subset-.yac_symbol.Rd:16): Warning: missing </ul> before </div>
t.html:48:1 (t.Rd:12): Warning: missing </ul> before </div>
tex.html:46:1 (tex.Rd:10): Warning: missing </ul> before </div>
upper.tri.html:51:1 (upper.tri.Rd:13): Warning: missing </ul> before </div>
with_value.html:54:1 (with_value.Rd:14): Warning: missing </ul> before </div>
yac_assign.html:50:1 (yac_assign.Rd:12): Warning: missing </ul> before </div>
yac_silent.html:46:1 (yac_silent.Rd:10): Warning: missing </ul> before </div>
ysym_ls.html:46:1 (ysym_ls.Rd:10): Warning: missing </ul> before </div>
Flavor: r-devel-linux-x86_64-debian-gcc
Version: 1.1.5
Check: installed package size
Result: NOTE
installed size is 10.2Mb
sub-directories of 1Mb or more:
libs 8.3Mb
yacas 1.3Mb
Flavors: r-oldrel-macos-arm64, r-oldrel-macos-x86_64
Version: 1.1.5
Check: package dependencies
Result: NOTE
Package suggested but not available for checking: 'unix'
Flavor: r-oldrel-windows-x86_64