Last updated on 2025-10-21 09:48:46 CEST.
Flavor | Version | Tinstall | Tcheck | Ttotal | Status | Flags |
---|---|---|---|---|---|---|
r-devel-linux-x86_64-debian-clang | 0.0.1 | 36.77 | 553.37 | 590.14 | NOTE | |
r-devel-linux-x86_64-debian-gcc | 0.0.1 | 21.43 | 373.28 | 394.71 | NOTE | |
r-devel-linux-x86_64-fedora-clang | 0.0.1 | 1001.55 | NOTE | |||
r-devel-linux-x86_64-fedora-gcc | 0.0.1 | 946.82 | NOTE | |||
r-devel-windows-x86_64 | 0.0.1 | 33.00 | 466.00 | 499.00 | NOTE | |
r-patched-linux-x86_64 | 0.0.1 | 32.44 | 528.65 | 561.09 | NOTE | |
r-release-linux-x86_64 | 0.0.1 | 31.10 | 529.41 | 560.51 | NOTE | |
r-release-macos-arm64 | 0.0.1 | 226.00 | NOTE | |||
r-release-macos-x86_64 | 0.0.1 | 515.00 | NOTE | |||
r-release-windows-x86_64 | 0.0.1 | 33.00 | 457.00 | 490.00 | NOTE | |
r-oldrel-macos-arm64 | 0.0.1 | 221.00 | OK | |||
r-oldrel-macos-x86_64 | 0.0.1 | 340.00 | OK | |||
r-oldrel-windows-x86_64 | 0.0.1 | 45.00 | 666.00 | 711.00 | OK |
Version: 0.0.1
Check: DESCRIPTION meta-information
Result: NOTE
Missing dependency on R >= 4.1.0 because package code uses the pipe
|> or function shorthand \(...) syntax added in R 4.1.0.
File(s) using such syntax:
‘fit_density_ratio.R’ ‘fit_plug_and_play.R’
Flavors: r-devel-linux-x86_64-debian-clang, r-devel-linux-x86_64-debian-gcc, r-devel-linux-x86_64-fedora-clang, r-devel-linux-x86_64-fedora-gcc, r-devel-windows-x86_64, r-patched-linux-x86_64, r-release-linux-x86_64, r-release-macos-arm64, r-release-macos-x86_64, r-release-windows-x86_64
Version: 0.0.1
Check: HTML version of manual
Result: NOTE
Found the following HTML validation problems:
get_functions.html:46:1 (get_functions.Rd:10): Warning: missing </ul> before </div>
pnp_gaussian.html:58:1 (pnp_gaussian.Rd:16): Warning: missing </ul> before </div>
pnp_kde.html:58:1 (pnp_kde.Rd:16): Warning: missing </ul> before </div>
pnp_none.html:50:1 (pnp_none.Rd:12): Warning: missing </ul> before </div>
pnp_vine.html:54:1 (pnp_vine.Rd:14): Warning: missing </ul> before </div>
Flavor: r-devel-linux-x86_64-debian-gcc