CRAN Package Check Results for Package SPPcomb

Last updated on 2025-07-04 09:50:05 CEST.

Flavor Version Tinstall Tcheck Ttotal Status Flags
r-devel-linux-x86_64-debian-clang 0.1 2.82 21.86 24.68 NOTE
r-devel-linux-x86_64-debian-gcc 0.1 2.09 17.83 19.92 NOTE
r-devel-linux-x86_64-fedora-clang 0.1 38.65 OK
r-devel-linux-x86_64-fedora-gcc 0.1 38.76 OK
r-devel-windows-x86_64 0.1 3.00 43.00 46.00 OK
r-patched-linux-x86_64 0.1 2.91 20.81 23.72 OK
r-release-linux-x86_64 0.1 2.54 20.74 23.28 OK
r-release-macos-arm64 0.1 15.00 OK
r-release-macos-x86_64 0.1 27.00 OK
r-release-windows-x86_64 0.1 4.00 43.00 47.00 OK
r-oldrel-macos-arm64 0.1 15.00 OK
r-oldrel-macos-x86_64 0.1 24.00 OK
r-oldrel-windows-x86_64 0.1 3.00 42.00 45.00 OK

Check Details

Version: 0.1
Check: CRAN incoming feasibility
Result: NOTE Maintainer: ‘Ming Wang <willnju@gmail.com>’ No Authors@R field in DESCRIPTION. Please add one, modifying Authors@R: c(person(given = "Ming", family = "Wang", role = c("aut", "cre"), email = "willnju@gmail.com"), person(given = "Yongtao", family = "Guan", role = "aut"), person(given = "Kun", family = "Xu", role = "aut")) as necessary. Flavors: r-devel-linux-x86_64-debian-clang, r-devel-linux-x86_64-debian-gcc