CRAN Package Check Results for Package SQMtools

Last updated on 2025-10-22 09:50:53 CEST.

Flavor Version Tinstall Tcheck Ttotal Status Flags
r-devel-linux-x86_64-debian-clang 1.7.2 31.10 175.33 206.43 NOTE
r-devel-linux-x86_64-debian-gcc 1.7.2 24.81 120.06 144.87 NOTE
r-devel-linux-x86_64-fedora-clang 1.7.2 172.00 161.71 333.71 OK
r-devel-linux-x86_64-fedora-gcc 1.7.2 66.00 237.40 303.40 OK
r-devel-windows-x86_64 1.7.2 33.00 160.00 193.00 OK
r-patched-linux-x86_64 1.7.2 30.54 165.87 196.41 OK
r-release-linux-x86_64 1.7.2 29.78 164.85 194.63 OK
r-release-macos-arm64 1.7.2 22.00 82.00 104.00 OK
r-release-macos-x86_64 1.7.2 7.00 ERROR
r-release-windows-x86_64 1.7.2 33.00 163.00 196.00 OK
r-oldrel-macos-arm64 1.7.2 18.00 72.00 90.00 OK
r-oldrel-macos-x86_64 1.7.2 35.00 139.00 174.00 OK
r-oldrel-windows-x86_64 1.7.2 43.00 214.00 257.00 OK

Check Details

Version: 1.7.2
Check: CRAN incoming feasibility
Result: NOTE Maintainer: ‘Fernando Puente-Sánchez <fernando.puente.sanchez@slu.se>’ Found the following (possibly) invalid URLs: URL: http://eggnogdb.embl.de/#/app/results?seqid=P0A7G6&target_nogs=COG0468#COG0468_datamenu From: man/RecA.Rd Message: Invalid URL: '#' not allowed in fragment Flavors: r-devel-linux-x86_64-debian-clang, r-devel-linux-x86_64-debian-gcc

Version: 1.7.2
Check: HTML version of manual
Result: NOTE Found the following HTML validation problems: exportBins.html:50:1 (exportBins.Rd:12): Warning: missing </ul> before </div> exportContigs.html:50:1 (exportContigs.Rd:12): Warning: missing </ul> before </div> exportORFs.html:50:1 (exportORFs.Rd:12): Warning: missing </ul> before </div> Flavors: r-devel-linux-x86_64-debian-clang, r-devel-linux-x86_64-debian-gcc

Version: 1.7.2
Check: package dependencies
Result: ERROR Package required but not available: ‘pathview’ See section ‘The DESCRIPTION file’ in the ‘Writing R Extensions’ manual. Flavor: r-release-macos-x86_64