Last updated on 2025-10-21 09:48:49 CEST.
Flavor | Version | Tinstall | Tcheck | Ttotal | Status | Flags |
---|---|---|---|---|---|---|
r-devel-linux-x86_64-debian-clang | 1.2.2 | 11.06 | 97.75 | 108.81 | OK | |
r-devel-linux-x86_64-debian-gcc | 1.2.3 | 7.19 | 69.31 | 76.50 | NOTE | |
r-devel-linux-x86_64-fedora-clang | 1.2.3 | 171.45 | NOTE | |||
r-devel-linux-x86_64-fedora-gcc | 1.2.3 | 155.81 | NOTE | |||
r-devel-windows-x86_64 | 1.2.3 | 15.00 | 104.00 | 119.00 | OK | |
r-patched-linux-x86_64 | 1.2.2 | 10.11 | 92.96 | 103.07 | OK | |
r-release-linux-x86_64 | 1.2.3 | 10.08 | 93.31 | 103.39 | OK | |
r-release-macos-arm64 | 1.2.3 | 47.00 | OK | |||
r-release-macos-x86_64 | 1.2.3 | 161.00 | OK | |||
r-release-windows-x86_64 | 1.2.3 | 15.00 | 107.00 | 122.00 | OK | |
r-oldrel-macos-arm64 | 1.2.3 | 49.00 | NOTE | |||
r-oldrel-macos-x86_64 | 1.2.3 | 94.00 | NOTE | |||
r-oldrel-windows-x86_64 | 1.2.3 | 22.00 | 130.00 | 152.00 | NOTE |
Version: 1.2.3
Check: HTML version of manual
Result: NOTE
Found the following HTML validation problems:
build_histogram_plot.html:54:1 (build_histogram_plot.Rd:14): Warning: missing </ul> before </div>
build_scatter_plot.html:54:1 (build_scatter_plot.Rd:14): Warning: missing </ul> before </div>
divide_features_one.html:50:1 (divide_features_one.Rd:12): Warning: missing </ul> before </div>
divide_features_two.html:50:1 (divide_features_two.Rd:12): Warning: missing </ul> before </div>
divide_vector.html:64:1 (divide_vector.Rd:20): Warning: missing </ul> before </div>
feature_selection_one.html:54:1 (feature_selection_one.Rd:14): Warning: missing </ul> before </div>
feature_selection_two.html:54:1 (feature_selection_two.Rd:14): Warning: missing </ul> before </div>
simulate_twoOmicsData.html:93:1 (simulate_twoOmicsData.Rd:39): Warning: missing </ul> before </div>
Flavor: r-devel-linux-x86_64-debian-gcc
Version: 1.2.3
Check: dependencies in R code
Result: NOTE
Namespaces in Imports field not imported from:
‘data.table’ ‘grid’ ‘tidyverse’
All declared Imports should be used.
Flavors: r-devel-linux-x86_64-fedora-clang, r-devel-linux-x86_64-fedora-gcc
Version: 1.2.3
Check: package dependencies
Result: NOTE
Packages suggested but not available for checking: 'MOFAdata', 'MOFA2'
Flavor: r-oldrel-macos-arm64
Version: 1.2.3
Check: installed package size
Result: NOTE
installed size is 9.6Mb
sub-directories of 1Mb or more:
extdata 9.3Mb
Flavors: r-oldrel-macos-arm64, r-oldrel-macos-x86_64, r-oldrel-windows-x86_64
Version: 1.2.3
Check: package dependencies
Result: NOTE
Packages suggested but not available for checking:
'MOFAdata', 'MOFA2', 'basilisk'
Flavor: r-oldrel-macos-x86_64
Version: 1.2.3
Check: package dependencies
Result: NOTE
Package suggested but not available for checking: 'MOFAdata'
Flavor: r-oldrel-windows-x86_64