Last updated on 2025-10-22 09:50:51 CEST.
Flavor | Version | Tinstall | Tcheck | Ttotal | Status | Flags |
---|---|---|---|---|---|---|
r-devel-linux-x86_64-debian-clang | 1.0.1 | 11.50 | 134.90 | 146.40 | NOTE | |
r-devel-linux-x86_64-debian-gcc | 1.0.1 | 7.88 | 88.15 | 96.03 | NOTE | |
r-devel-linux-x86_64-fedora-clang | 1.0.1 | 34.00 | 191.68 | 225.68 | OK | |
r-devel-linux-x86_64-fedora-gcc | 1.0.1 | 26.00 | 186.25 | 212.25 | OK | |
r-devel-windows-x86_64 | 1.0.1 | 14.00 | 129.00 | 143.00 | OK | |
r-patched-linux-x86_64 | 1.0.1 | 11.95 | 124.31 | 136.26 | OK | |
r-release-linux-x86_64 | 1.0.1 | 12.91 | 124.78 | 137.69 | OK | |
r-release-macos-arm64 | 1.0.1 | 4.00 | 45.00 | 49.00 | OK | |
r-release-macos-x86_64 | 1.0.1 | 8.00 | 86.00 | 94.00 | OK | |
r-release-windows-x86_64 | 1.0.1 | 15.00 | 131.00 | 146.00 | OK | |
r-oldrel-macos-arm64 | 1.0.1 | 5.00 | 50.00 | 55.00 | OK | |
r-oldrel-macos-x86_64 | 1.0.1 | 10.00 | 91.00 | 101.00 | OK | |
r-oldrel-windows-x86_64 | 1.0.1 | 19.00 | 180.00 | 199.00 | OK |
Version: 1.0.1
Check: HTML version of manual
Result: NOTE
Found the following HTML validation problems:
backwards.tiebreak.html:54:1 (backwards.tiebreak.Rd:14): Warning: missing </ul> before </div>
forwards.tiebreak.html:54:1 (forwards.tiebreak.Rd:14): Warning: missing </ul> before </div>
ordered.preferences.html:46:1 (ordered.preferences.Rd:10): Warning: missing </ul> before </div>
ordered.tiebreak.html:50:1 (ordered.tiebreak.Rd:12): Warning: missing </ul> before </div>
Flavors: r-devel-linux-x86_64-debian-clang, r-devel-linux-x86_64-debian-gcc