Last updated on 2025-10-21 09:48:46 CEST.
Flavor | Version | Tinstall | Tcheck | Ttotal | Status | Flags |
---|---|---|---|---|---|---|
r-devel-linux-x86_64-debian-clang | 5.3.0 | 112.79 | 748.53 | 861.32 | OK | |
r-devel-linux-x86_64-debian-gcc | 5.3.0 | 76.39 | 490.98 | 567.37 | NOTE | |
r-devel-linux-x86_64-fedora-clang | 5.3.0 | 1490.69 | NOTE | |||
r-devel-linux-x86_64-fedora-gcc | 5.3.0 | 1372.57 | NOTE | |||
r-devel-windows-x86_64 | 5.3.0 | 120.00 | 856.00 | 976.00 | OK | |
r-patched-linux-x86_64 | 5.3.0 | 130.09 | 721.71 | 851.80 | OK | |
r-release-linux-x86_64 | 5.3.0 | 107.64 | 713.93 | 821.57 | OK | |
r-release-macos-arm64 | 5.3.0 | 232.00 | OK | |||
r-release-macos-x86_64 | 5.3.0 | 443.00 | OK | |||
r-release-windows-x86_64 | 5.3.0 | 118.00 | 833.00 | 951.00 | OK | |
r-oldrel-macos-arm64 | 5.3.0 | 276.00 | NOTE | |||
r-oldrel-macos-x86_64 | 5.3.0 | 507.00 | NOTE | |||
r-oldrel-windows-x86_64 | 5.3.0 | 154.00 | 1183.00 | 1337.00 | NOTE |
Version: 5.3.0
Check: HTML version of manual
Result: NOTE
Found the following HTML validation problems:
CalcDispersion.html:74:1 (CalcDispersion.Rd:28): Warning: missing </ul> before </div>
CreateCategoryMatrix.html:58:1 (CreateCategoryMatrix.Rd:18): Warning: missing </ul> before </div>
DISP.html:54:1 (DISP.Rd:14): Warning: missing </ul> before </div>
FetchResiduals_reference.html:70:1 (FetchResiduals_reference.Rd:26): Warning: missing </ul> before </div>
FindSpatiallyVariableFeatures.html:173:1 (FindSpatiallyVariableFeatures.Rd:106): Warning: missing </ul> before </div>
JointPCAIntegration.html:174:1 (JointPCAIntegration.Rd:94): Warning: missing </ul> before </div>
L2CCA.html:50:1 (L2CCA.Rd:12): Warning: missing </ul> before </div>
MVP.html:69:1 (MVP.Rd:25): Warning: missing </ul> before </div>
ProjectUMAP.html:191:1 (ProjectUMAP.Rd:109): Warning: missing </ul> before </div>
ReadParseBio.html:50:1 (ReadParseBio.Rd:12): Warning: missing </ul> before </div>
ReadSTARsolo.html:50:1 (ReadSTARsolo.Rd:12): Warning: missing </ul> before </div>
RunICA.html:174:1 (RunICA.Rd:110): Warning: missing </ul> before </div>
RunLDA.html:131:1 (RunLDA.Rd:73): Warning: missing </ul> before </div>
RunLeiden.html:91:1 (RunLeiden.Rd:41): Warning: missing </ul> before </div>
RunMarkVario.html:56:1 (RunMarkVario.Rd:16): Warning: missing </ul> before </div>
RunMoransI.html:55:1 (RunMoransI.Rd:14): Warning: missing </ul> before </div>
RunTSNE.html:166:1 (RunTSNE.Rd:98): Warning: missing </ul> before </div>
SaveAnnoyIndex.html:50:1 (SaveAnnoyIndex.Rd:12): Warning: missing </ul> before </div>
SelectIntegrationFeatures5.html:93:1 (SelectIntegrationFeatures5.Rd:38): Warning: missing </ul> before </div>
SelectSCTIntegrationFeatures.html:68:1 (SelectSCTIntegrationFeatures.Rd:24): Warning: missing </ul> before </div>
SlideSeq-class.html:36:1 (SlideSeq-class.Rd:17): Warning: <h3> anchor "Slots" already defined
UnSketchEmbeddings.html:68:1 (UnSketchEmbeddings.Rd:24): Warning: missing </ul> before </div>
as.CellDataSet.html:61:1 (as.CellDataSet.Rd:19): Warning: missing </ul> before </div>
as.SingleCellExperiment.html:57:1 (as.SingleCellExperiment.Rd:17): Warning: missing </ul> before </div>
fortify-Spatial.html:66:1 (fortify-Spatial.Rd:27): Warning: missing </ul> before </div>
merge.SCTAssay.html:79:1 (merge.SCTAssay.Rd:32): Warning: missing </ul> before </div>
Flavors: r-devel-linux-x86_64-debian-gcc, r-devel-linux-x86_64-fedora-clang, r-devel-linux-x86_64-fedora-gcc
Version: 5.3.0
Check: package dependencies
Result: NOTE
Packages suggested but not available for checking: 'BPCells', 'presto'
Flavors: r-oldrel-macos-arm64, r-oldrel-windows-x86_64
Version: 5.3.0
Check: installed package size
Result: NOTE
installed size is 11.3Mb
sub-directories of 1Mb or more:
R 2.0Mb
libs 8.3Mb
Flavors: r-oldrel-macos-arm64, r-oldrel-macos-x86_64
Version: 5.3.0
Check: package dependencies
Result: NOTE
Packages suggested but not available for checking:
'BPCells', 'monocle', 'presto'
Flavor: r-oldrel-macos-x86_64