Last updated on 2025-10-21 09:48:48 CEST.
Flavor | Version | Tinstall | Tcheck | Ttotal | Status | Flags |
---|---|---|---|---|---|---|
r-devel-linux-x86_64-debian-clang | 1.2.107 | 20.69 | 158.87 | 179.56 | NOTE | |
r-devel-linux-x86_64-debian-gcc | 1.2.107 | 14.05 | 107.55 | 121.60 | NOTE | |
r-devel-linux-x86_64-fedora-clang | 1.2.107 | 268.77 | OK | |||
r-devel-linux-x86_64-fedora-gcc | 1.2.107 | 260.27 | OK | |||
r-devel-windows-x86_64 | 1.2.107 | 26.00 | 215.00 | 241.00 | OK | |
r-patched-linux-x86_64 | 1.2.107 | 23.64 | 152.11 | 175.75 | OK | |
r-release-linux-x86_64 | 1.2.107 | 18.87 | 148.78 | 167.65 | OK | |
r-release-macos-arm64 | 1.2.107 | 78.00 | OK | |||
r-release-macos-x86_64 | 1.2.107 | 172.00 | OK | |||
r-release-windows-x86_64 | 1.2.107 | 27.00 | 217.00 | 244.00 | OK | |
r-oldrel-macos-arm64 | 1.2.107 | 68.00 | OK | |||
r-oldrel-macos-x86_64 | 1.2.107 | 109.00 | OK | |||
r-oldrel-windows-x86_64 | 1.2.107 | 33.00 | 261.00 | 294.00 | OK |
Version: 1.2.107
Check: CRAN incoming feasibility
Result: NOTE
Maintainer: ‘Carlos A. Sierra <csierra@bgc-jena.mpg.de>’
No Authors@R field in DESCRIPTION.
Please add one, modifying
Authors@R: c(person(given = c("Carlos", "A."),
family = "Sierra",
role = c("aut", "cre"),
email = "csierra@bgc-jena.mpg.de"),
person(given = "Markus",
family = "Mueller",
role = "aut"))
as necessary.
Flavors: r-devel-linux-x86_64-debian-clang, r-devel-linux-x86_64-debian-gcc
Version: 1.2.107
Check: HTML version of manual
Result: NOTE
Found the following HTML validation problems:
AbsoluteFractionModern-BoundFc-method.html:47:1 (AbsoluteFractionModern-BoundFc-method.Rd:10): Warning: missing </ul> before </div>
AbsoluteFractionModern-ConstFc-method.html:47:1 (AbsoluteFractionModern-ConstFc-method.Rd:10): Warning: missing </ul> before </div>
AbsoluteFractionModern.html:46:1 (AbsoluteFractionModern.Rd:10): Warning: missing </ul> before </div>
AbsoluteFractionModern_from_Delta14C-matrix-method.html:47:1 (AbsoluteFractionModern_from_Delta14C-matrix-method.Rd:10): Warning: missing </ul> before </div>
AbsoluteFractionModern_from_Delta14C-numeric-method.html:47:1 (AbsoluteFractionModern_from_Delta14C-numeric-method.Rd:10): Warning: missing </ul> before </div>
AbsoluteFractionModern_from_Delta14C.html:46:1 (AbsoluteFractionModern_from_Delta14C.Rd:10): Warning: missing </ul> before </div>
BoundFc-character-method.html:51:1 (BoundFc-character-method.Rd:12): Warning: missing </ul> before </div>
BoundFc-missing-method.html:51:1 (BoundFc-missing-method.Rd:12): Warning: missing </ul> before </div>
BoundFc.html:50:1 (BoundFc.Rd:12): Warning: missing </ul> before </div>
BoundInFluxes.html:47:1 (BoundInFluxes.Rd:10): Warning: missing </ul> before </div>
BoundLinDecompOp-ANY-method.html:51:1 (BoundLinDecompOp-ANY-method.Rd:12): Warning: missing </ul> before </div>
BoundLinDecompOp-UnBoundLinDecompOp-method.html:62:1 (BoundLinDecompOp-UnBoundLinDecompOp-method.Rd:14): Warning: missing </ul> before </div>
BoundLinDecompOp.html:50:1 (BoundLinDecompOp.Rd:12): Warning: missing </ul> before </div>
ConstInFluxes-ConstantInFluxList_by_PoolIndex-numeric-method.html:51:1 (ConstInFluxes-ConstantInFluxList_by_PoolIndex-numeric-method.Rd:12): Warning: missing </ul> before </div>
ConstInFluxes-numeric-ANY-method.html:47:1 (ConstInFluxes-numeric-ANY-method.Rd:10): Warning: missing </ul> before </div>
ConstInFluxes.html:50:1 (ConstInFluxes.Rd:12): Warning: missing </ul> before </div>
ConstLinDecompOp-matrix-missing-missing-missing-missing-method.html:47:1 (ConstLinDecompOp-matrix-missing-missing-missing-missing-method.Rd:10): Warning: missing </ul> before </div>
ConstLinDecompOp.html:68:1 (ConstLinDecompOp.Rd:24): Warning: missing </ul> before </div>
ConstLinDecompOpWithLinearScalarFactor.html:68:1 (ConstLinDecompOpWithLinearScalarFactor.Rd:24): Warning: missing </ul> before </div>
ConstLinDecompOp_by_PoolName.html:54:1 (ConstLinDecompOp_by_PoolName.Rd:14): Warning: missing </ul> before </div>
ConstantInFluxList_by_PoolIndex-numeric-method.html:47:1 (ConstantInFluxList_by_PoolIndex-numeric-method.Rd:10): Warning: missing </ul> before </div>
ConstantInFluxList_by_PoolIndex.html:46:1 (ConstantInFluxList_by_PoolIndex.Rd:10): Warning: missing </ul> before </div>
ConstantInFluxList_by_PoolName.html:46:1 (ConstantInFluxList_by_PoolName.Rd:10): Warning: missing </ul> before </div>
ConstantInFluxRate_by_PoolName.html:50:1 (ConstantInFluxRate_by_PoolName.Rd:12): Warning: missing </ul> before </div>
ConstantInternalFluxRateList_by_PoolIndex-numeric-method.html:47:1 (ConstantInternalFluxRateList_by_PoolIndex-numeric-method.Rd:10): Warning: missing </ul> before </div>
ConstantInternalFluxRateList_by_PoolIndex.html:46:1 (ConstantInternalFluxRateList_by_PoolIndex.Rd:10): Warning: missing </ul> before </div>
ConstantInternalFluxRateList_by_PoolName.html:46:1 (ConstantInternalFluxRateList_by_PoolName.Rd:10): Warning: missing </ul> before </div>
ConstantInternalFluxRate_by_PoolIndex-numeric-numeric-missing-numeric-method.html:59:1 (ConstantInternalFluxRate_by_PoolIndex-numeric-numeric-missing-numeric-method.Rd:18): Warning: missing </ul> before </div>
ConstantInternalFluxRate_by_PoolIndex.html:63:1 (ConstantInternalFluxRate_by_PoolIndex.Rd:21): Warning: missing </ul> before </div>
ConstantInternalFluxRate_by_PoolName-character-character-missing-numeric-method.html:59:1 (ConstantInternalFluxRate_by_PoolName-character-character-missing-numeric-method.Rd:18): Warning: missing </ul> before </div>
ConstantInternalFluxRate_by_PoolName-missing-missing-character-numeric-method.html:51:1 (ConstantInternalFluxRate_by_PoolName-missing-missing-character-numeric-method.Rd:12): Warning: missing </ul> before </div>
ConstantInternalFluxRate_by_PoolName.html:63:1 (ConstantInternalFluxRate_by_PoolName.Rd:21): Warning: missing </ul> before </div>
ConstantOutFluxRateList_by_PoolIndex-numeric-method.html:47:1 (ConstantOutFluxRateList_by_PoolIndex-numeric-method.Rd:10): Warning: missing </ul> before </div>
ConstantOutFluxRateList_by_PoolIndex.html:46:1 (ConstantOutFluxRateList_by_PoolIndex.Rd:10): Warning: missing </ul> before </div>
ConstantOutFluxRateList_by_PoolName-numeric-method.html:47:1 (ConstantOutFluxRateList_by_PoolName-numeric-method.Rd:10): Warning: missing </ul> before </div>
ConstantOutFluxRateList_by_PoolName.html:46:1 (ConstantOutFluxRateList_by_PoolName.Rd:10): Warning: missing </ul> before </div>
ConstantOutFluxRate_by_PoolIndex-numeric-numeric-method.html:51:1 (ConstantOutFluxRate_by_PoolIndex-numeric-numeric-method.Rd:12): Warning: missing </ul> before </div>
ConstantOutFluxRate_by_PoolIndex.html:50:1 (ConstantOutFluxRate_by_PoolIndex.Rd:12): Warning: missing </ul> before </div>
Delta14C-BoundFc-method.html:47:1 (Delta14C-BoundFc-method.Rd:10): Warning: missing </ul> before </div>
Delta14C-ConstFc-method.html:47:1 (Delta14C-ConstFc-method.Rd:10): Warning: missing </ul> before </div>
Delta14C.html:46:1 (Delta14C.Rd:10): Warning: missing </ul> before </div>
Delta14C_from_AbsoluteFractionModern-matrix-method.html:47:1 (Delta14C_from_AbsoluteFractionModern-matrix-method.Rd:10): Warning: missing </ul> before </div>
Delta14C_from_AbsoluteFractionModern-numeric-method.html:47:1 (Delta14C_from_AbsoluteFractionModern-numeric-method.Rd:10): Warning: missing </ul> before </div>
Delta14C_from_AbsoluteFractionModern.html:46:1 (Delta14C_from_AbsoluteFractionModern.Rd:10): Warning: missing </ul> before </div>
GeneralDecompOp-DecompOp-method.html:49:1 (GeneralDecompOp-DecompOp-method.Rd:10): Warning: missing </ul> before </div>
GeneralDecompOp-TimeMap-method.html:47:1 (GeneralDecompOp-TimeMap-method.Rd:10): Warning: missing </ul> before </div>
GeneralDecompOp-function-method.html:47:1 (GeneralDecompOp-function-method.Rd:10): Warning: missing </ul> before </div>
GeneralDecompOp-list-method.html:47:1 (GeneralDecompOp-list-method.Rd:10): Warning: missing </ul> before </div>
GeneralDecompOp-matrix-method.html:47:1 (GeneralDecompOp-matrix-method.Rd:10): Warning: missing </ul> before </div>
GeneralDecompOp.html:46:1 (GeneralDecompOp.Rd:10): Warning: missing </ul> before </div>
GeneralPoolId-character-method.html:47:1 (GeneralPoolId-character-method.Rd:10): Warning: missing </ul> before </div>
GeneralPoolId-numeric-method.html:47:1 (GeneralPoolId-numeric-method.Rd:10): Warning: missing </ul> before </div>
GeneralPoolId.html:50:1 (GeneralPoolId.Rd:12): Warning: missing </ul> before </div>
ICBM_N.html:83:1 (ICBM_N.Rd:33): Warning: missing </ul> before </div>
InFlux.html:50:1 (InFlux.Rd:12): Warning: missing </ul> before </div>
InFluxList_by_PoolIndex-list-method.html:49:1 (InFluxList_by_PoolIndex-list-method.Rd:11): Warning: missing </ul> before </div>
InFluxList_by_PoolIndex.html:46:1 (InFluxList_by_PoolIndex.Rd:10): Warning: missing </ul> before </div>
InFluxList_by_PoolName-list-method.html:47:1 (InFluxList_by_PoolName-list-method.Rd:10): Warning: missing </ul> before </div>
InFluxList_by_PoolName.html:46:1 (InFluxList_by_PoolName.Rd:10): Warning: missing </ul> before </div>
InFlux_by_PoolIndex-function-numeric-method.html:55:1 (InFlux_by_PoolIndex-function-numeric-method.Rd:16): Warning: missing </ul> before </div>
InFlux_by_PoolIndex.html:50:1 (InFlux_by_PoolIndex.Rd:12): Warning: missing </ul> before </div>
InFlux_by_PoolName-function-character-method.html:55:1 (InFlux_by_PoolName-function-character-method.Rd:16): Warning: missing </ul> before </div>
InFlux_by_PoolName.html:50:1 (InFlux_by_PoolName.Rd:12): Warning: missing </ul> before </div>
InFluxes-ConstantInFluxList_by_PoolIndex-method.html:51:1 (InFluxes-ConstantInFluxList_by_PoolIndex-method.Rd:12): Warning: missing </ul> before </div>
InFluxes-InFluxes-method.html:47:1 (InFluxes-InFluxes-method.Rd:10): Warning: missing </ul> before </div>
InFluxes-StateIndependentInFluxList_by_PoolIndex-method.html:52:1 (InFluxes-StateIndependentInFluxList_by_PoolIndex-method.Rd:13): Warning: missing </ul> before </div>
InFluxes-TimeMap-method.html:47:1 (InFluxes-TimeMap-method.Rd:10): Warning: missing </ul> before </div>
InFluxes-function-method.html:47:1 (InFluxes-function-method.Rd:10): Warning: missing </ul> before </div>
InFluxes-list-method.html:47:1 (InFluxes-list-method.Rd:10): Warning: missing </ul> before </div>
InFluxes-numeric-method.html:47:1 (InFluxes-numeric-method.Rd:10): Warning: missing </ul> before </div>
InFluxes.html:50:1 (InFluxes.Rd:12): Warning: missing </ul> before </div>
InternalFluxList_by_PoolIndex-list-method.html:49:1 (InternalFluxList_by_PoolIndex-list-method.Rd:11): Warning: missing </ul> before </div>
InternalFluxList_by_PoolIndex.html:46:1 (InternalFluxList_by_PoolIndex.Rd:10): Warning: missing </ul> before </div>
InternalFluxList_by_PoolName.html:46:1 (InternalFluxList_by_PoolName.Rd:10): Warning: missing </ul> before </div>
InternalFlux_by_PoolIndex-function-numeric-numeric-missing-method.html:55:1 (InternalFlux_by_PoolIndex-function-numeric-numeric-missing-method.Rd:14): Warning: missing </ul> before </div>
InternalFlux_by_PoolIndex.html:58:1 (InternalFlux_by_PoolIndex.Rd:16): Warning: missing </ul> before </div>
InternalFlux_by_PoolName-function-character-character-missing-method.html:58:1 (InternalFlux_by_PoolName-function-character-character-missing-method.Rd:16): Warning: missing </ul> before </div>
InternalFlux_by_PoolName-function-missing-missing-character-method.html:51:1 (InternalFlux_by_PoolName-function-missing-missing-character-method.Rd:12): Warning: missing </ul> before </div>
InternalFlux_by_PoolName.html:58:1 (InternalFlux_by_PoolName.Rd:16): Warning: missing </ul> before </div>
OutFlux.html:50:1 (OutFlux.Rd:12): Warning: missing </ul> before </div>
OutFluxList_by_PoolIndex-list-method.html:47:1 (OutFluxList_by_PoolIndex-list-method.Rd:10): Warning: missing </ul> before </div>
OutFluxList_by_PoolIndex.html:46:1 (OutFluxList_by_PoolIndex.Rd:10): Warning: missing </ul> before </div>
OutFluxList_by_PoolName.html:46:1 (OutFluxList_by_PoolName.Rd:10): Warning: missing </ul> before </div>
OutFlux_by_PoolIndex-function-numeric-method.html:56:1 (OutFlux_by_PoolIndex-function-numeric-method.Rd:17): Warning: missing </ul> before </div>
OutFlux_by_PoolIndex.html:50:1 (OutFlux_by_PoolIndex.Rd:12): Warning: missing </ul> before </div>
OutFlux_by_PoolName-function-character-method.html:55:1 (OutFlux_by_PoolName-function-character-method.Rd:16): Warning: missing </ul> before </div>
OutFlux_by_PoolName.html:50:1 (OutFlux_by_PoolName.Rd:12): Warning: missing </ul> before </div>
PoolConnection_by_PoolIndex-ANY-ANY-missing-method.html:51:1 (PoolConnection_by_PoolIndex-ANY-ANY-missing-method.Rd:12): Warning: missing </ul> before </div>
PoolConnection_by_PoolIndex-missing-missing-character-method.html:47:1 (PoolConnection_by_PoolIndex-missing-missing-character-method.Rd:10): Warning: missing </ul> before </div>
PoolConnection_by_PoolIndex.html:54:1 (PoolConnection_by_PoolIndex.Rd:14): Warning: missing </ul> before </div>
PoolConnection_by_PoolName-ANY-ANY-missing-method.html:51:1 (PoolConnection_by_PoolName-ANY-ANY-missing-method.Rd:12): Warning: missing </ul> before </div>
PoolConnection_by_PoolName.html:54:1 (PoolConnection_by_PoolName.Rd:14): Warning: missing </ul> before </div>
PoolIndex-PoolIndex-method.html:53:1 (PoolIndex-PoolIndex-method.Rd:12): Warning: missing </ul> before </div>
PoolIndex-PoolName-method.html:51:1 (PoolIndex-PoolName-method.Rd:12): Warning: missing </ul> before </div>
PoolIndex-character-method.html:47:1 (PoolIndex-character-method.Rd:10): Warning: missing </ul> before </div>
PoolIndex-numeric-method.html:47:1 (PoolIndex-numeric-method.Rd:10): Warning: missing </ul> before </div>
PoolIndex.html:50:1 (PoolIndex.Rd:12): Warning: missing </ul> before </div>
PoolName-PoolIndex-method.html:51:1 (PoolName-PoolIndex-method.Rd:12): Warning: missing </ul> before </div>
PoolName-PoolName-method.html:53:1 (PoolName-PoolName-method.Rd:12): Warning: missing </ul> before </div>
PoolName-character-method.html:47:1 (PoolName-character-method.Rd:10): Warning: missing </ul> before </div>
PoolName.html:50:1 (PoolName.Rd:12): Warning: missing </ul> before </div>
ScalarTimeMap-data.frame-missing-missing-missing-missing-method.html:56:1 (ScalarTimeMap-data.frame-missing-missing-missing-missing-method.Rd:15): Warning: missing </ul> before </div>
ScalarTimeMap-function-missing-missing-missing-missing-method.html:51:1 (ScalarTimeMap-function-missing-missing-missing-missing-method.Rd:12): Warning: missing </ul> before </div>
ScalarTimeMap-function-numeric-numeric-missing-missing-method.html:59:1 (ScalarTimeMap-function-numeric-numeric-missing-missing-method.Rd:16): Warning: missing </ul> before </div>
ScalarTimeMap-missing-missing-missing-missing-numeric-method.html:59:1 (ScalarTimeMap-missing-missing-missing-missing-numeric-method.Rd:16): Warning: missing </ul> before </div>
ScalarTimeMap-missing-missing-missing-numeric-numeric-method.html:59:1 (ScalarTimeMap-missing-missing-missing-numeric-numeric-method.Rd:16): Warning: missing </ul> before </div>
ScalarTimeMap.html:83:1 (ScalarTimeMap.Rd:33): Warning: missing </ul> before </div>
StateIndependentInFluxList_by_PoolIndex.html:46:1 (StateIndependentInFluxList_by_PoolIndex.Rd:10): Warning: missing </ul> before </div>
StateIndependentInFluxList_by_PoolName.html:46:1 (StateIndependentInFluxList_by_PoolName.Rd:10): Warning: missing </ul> before </div>
TimeMap-TimeMap-ANY-ANY-ANY-ANY-method.html:47:1 (TimeMap-TimeMap-ANY-ANY-ANY-ANY-method.Rd:10): Warning: missing </ul> before </div>
TimeMap-data.frame-missing-missing-missing-missing-method.html:55:1 (TimeMap-data.frame-missing-missing-missing-missing-method.Rd:14): Warning: missing </ul> before </div>
TimeMap-function-missing-missing-missing-missing-method.html:51:1 (TimeMap-function-missing-missing-missing-missing-method.Rd:12): Warning: missing </ul> before </div>
TimeMap-function-numeric-numeric-missing-missing-method.html:59:1 (TimeMap-function-numeric-numeric-missing-missing-method.Rd:16): Warning: missing </ul> before </div>
TimeMap-list-missing-missing-missing-missing-method.html:59:1 (TimeMap-list-missing-missing-missing-missing-method.Rd:18): Warning: missing </ul> before </div>
TimeMap-missing-missing-missing-numeric-array-method.html:59:1 (TimeMap-missing-missing-missing-numeric-array-method.Rd:16): Warning: missing </ul> before </div>
TimeMap-missing-missing-missing-numeric-list-method.html:59:1 (TimeMap-missing-missing-missing-numeric-list-method.Rd:16): Warning: missing </ul> before </div>
TimeMap-missing-missing-missing-numeric-matrix-method.html:59:1 (TimeMap-missing-missing-missing-numeric-matrix-method.Rd:16): Warning: missing </ul> before </div>
TimeMap-missing-missing-missing-numeric-numeric-method.html:62:1 (TimeMap-missing-missing-missing-numeric-numeric-method.Rd:19): Warning: missing </ul> before </div>
TimeMap.html:83:1 (TimeMap.Rd:33): Warning: missing </ul> before </div>
TimeRangeIntersection.html:50:1 (TimeRangeIntersection.Rd:12): Warning: missing </ul> before </div>
UnBoundInFluxes-function-method.html:47:1 (UnBoundInFluxes-function-method.Rd:10): Warning: missing </ul> before </div>
UnBoundInFluxes.html:46:1 (UnBoundInFluxes.Rd:10): Warning: missing </ul> before </div>
UnBoundLinDecompOp.html:46:1 (UnBoundLinDecompOp.Rd:10): Warning: missing </ul> before </div>
UnBoundNonLinDecompOp.html:78:1 (UnBoundNonLinDecompOp.Rd:30): Warning: missing </ul> before </div>
UnBoundNonLinDecompOp_by_PoolNames.html:54:1 (UnBoundNonLinDecompOp_by_PoolNames.Rd:14): Warning: missing </ul> before </div>
add_plot-TimeMap-method.html:51:1 (add_plot-TimeMap-method.Rd:12): Warning: missing </ul> before </div>
add_plot.html:50:1 (add_plot.Rd:12): Warning: missing </ul> before </div>
as.character-TimeMap-method.html:51:1 (as.character-TimeMap-method.Rd:12): Warning: missing </ul> before </div>
as.numeric-InFluxList_by_PoolName-method.html:67:1 (as.numeric-InFluxList_by_PoolName-method.Rd:22): Warning: missing </ul> before </div>
as.numeric-InternalFluxList_by_PoolName-method.html:67:1 (as.numeric-InternalFluxList_by_PoolName-method.Rd:22): Warning: missing </ul> before </div>
as.numeric-InternalFlux_by_PoolName-method.html:67:1 (as.numeric-InternalFlux_by_PoolName-method.Rd:22): Warning: missing </ul> before </div>
as.numeric-OutFluxList_by_PoolName-method.html:67:1 (as.numeric-OutFluxList_by_PoolName-method.Rd:22): Warning: missing </ul> before </div>
availableParticleProperties-MCSim-method.html:47:1 (availableParticleProperties-MCSim-method.Rd:10): Warning: missing </ul> before </div>
availableParticleProperties.html:46:1 (availableParticleProperties.Rd:10): Warning: missing </ul> before </div>
availableParticleSets-MCSim-method.html:47:1 (availableParticleSets-MCSim-method.Rd:10): Warning: missing </ul> before </div>
availableParticleSets.html:46:1 (availableParticleSets.Rd:10): Warning: missing </ul> before </div>
availableResidentSets-MCSim-method.html:47:1 (availableResidentSets-MCSim-method.Rd:10): Warning: missing </ul> before </div>
availableResidentSets.html:46:1 (availableResidentSets.Rd:10): Warning: missing </ul> before </div>
by_PoolIndex-ConstantInFluxRate_by_PoolName-ANY-ANY-method.html:56:1 (by_PoolIndex-ConstantInFluxRate_by_PoolName-ANY-ANY-method.Rd:15): Warning: missing </ul> before </div>
by_PoolIndex-ConstantInternalFluxRateList_by_PoolName-ANY-ANY-method.html:51:1 (by_PoolIndex-ConstantInternalFluxRateList_by_PoolName-ANY-ANY-method.Rd:12): Warning: missing </ul> before </div>
by_PoolIndex-ConstantInternalFluxRate_by_PoolName-ANY-ANY-method.html:51:1 (by_PoolIndex-ConstantInternalFluxRate_by_PoolName-ANY-ANY-method.Rd:12): Warning: missing </ul> before </div>
by_PoolIndex-ConstantOutFluxRateList_by_PoolName-ANY-ANY-method.html:51:1 (by_PoolIndex-ConstantOutFluxRateList_by_PoolName-ANY-ANY-method.Rd:12): Warning: missing </ul> before </div>
by_PoolIndex-ConstantOutFluxRate_by_PoolName-ANY-ANY-method.html:51:1 (by_PoolIndex-ConstantOutFluxRate_by_PoolName-ANY-ANY-method.Rd:12): Warning: missing </ul> before </div>
by_PoolIndex-InFluxList_by_PoolName-character-character-method.html:55:1 (by_PoolIndex-InFluxList_by_PoolName-character-character-method.Rd:14): Warning: missing </ul> before </div>
by_PoolIndex-InFlux_by_PoolName-character-character-method.html:55:1 (by_PoolIndex-InFlux_by_PoolName-character-character-method.Rd:14): Warning: missing </ul> before </div>
by_PoolIndex-InternalFluxList_by_PoolName-character-character-method.html:55:1 (by_PoolIndex-InternalFluxList_by_PoolName-character-character-method.Rd:14): Warning: missing </ul> before </div>
by_PoolIndex-InternalFlux_by_PoolName-character-character-method.html:55:1 (by_PoolIndex-InternalFlux_by_PoolName-character-character-method.Rd:14): Warning: missing </ul> before </div>
by_PoolIndex-OutFluxList_by_PoolName-character-character-method.html:55:1 (by_PoolIndex-OutFluxList_by_PoolName-character-character-method.Rd:14): Warning: missing </ul> before </div>
by_PoolIndex-OutFlux_by_PoolName-character-character-method.html:55:1 (by_PoolIndex-OutFlux_by_PoolName-character-character-method.Rd:14): Warning: missing </ul> before </div>
by_PoolIndex-PoolConnection_by_PoolName-ANY-ANY-method.html:53:1 (by_PoolIndex-PoolConnection_by_PoolName-ANY-ANY-method.Rd:13): Warning: missing </ul> before </div>
by_PoolIndex.html:54:1 (by_PoolIndex.Rd:14): Warning: missing </ul> before </div>
by_PoolName-ConstantInFluxList_by_PoolIndex-method.html:51:1 (by_PoolName-ConstantInFluxList_by_PoolIndex-method.Rd:12): Warning: missing </ul> before </div>
by_PoolName-ConstantInFluxRate_by_PoolIndex-method.html:51:1 (by_PoolName-ConstantInFluxRate_by_PoolIndex-method.Rd:12): Warning: missing </ul> before </div>
by_PoolName-ConstantInFlux_by_PoolIndex-method.html:51:1 (by_PoolName-ConstantInFlux_by_PoolIndex-method.Rd:12): Warning: missing </ul> before </div>
by_PoolName-ConstantInternalFluxRateList_by_PoolIndex-method.html:51:1 (by_PoolName-ConstantInternalFluxRateList_by_PoolIndex-method.Rd:12): Warning: missing </ul> before </div>
by_PoolName-ConstantOutFluxRateList_by_PoolIndex-method.html:51:1 (by_PoolName-ConstantOutFluxRateList_by_PoolIndex-method.Rd:12): Warning: missing </ul> before </div>
by_PoolName-ConstantOutFluxRate_by_PoolIndex-method.html:57:1 (by_PoolName-ConstantOutFluxRate_by_PoolIndex-method.Rd:12): Warning: missing </ul> before </div>
by_PoolName.html:50:1 (by_PoolName.Rd:12): Warning: missing </ul> before </div>
cash-NlModel-method.html:51:1 (cash-NlModel-method.Rd:12): Warning: missing </ul> before </div>
check_duplicate_pool_names.html:46:1 (check_duplicate_pool_names.Rd:10): Warning: missing </ul> before </div>
check_id_length.html:46:1 (check_id_length.Rd:10): Warning: missing </ul> before </div>
check_pool_ids-PoolConnection_by_PoolIndex-integer-method.html:51:1 (check_pool_ids-PoolConnection_by_PoolIndex-integer-method.Rd:12): Warning: missing </ul> before </div>
check_pool_ids.html:50:1 (check_pool_ids.Rd:12): Warning: missing </ul> before </div>
computeResults-MCSim-method.html:47:1 (computeResults-MCSim-method.Rd:10): Warning: missing </ul> before </div>
computeResults.html:46:1 (computeResults.Rd:10): Warning: missing </ul> before </div>
euler.html:65:1 (euler.Rd:16): Warning: missing </ul> before </div>
getAccumulatedRelease.html:46:1 (getAccumulatedRelease.Rd:10): Warning: missing </ul> before </div>
getC14-Model_14-method.html:47:1 (getC14-Model_14-method.Rd:10): Warning: missing </ul> before </div>
getC14.html:46:1 (getC14.Rd:10): Warning: missing </ul> before </div>
getCompartmentalMatrixFunc-BoundLinDecompOp-method.html:47:1 (getCompartmentalMatrixFunc-BoundLinDecompOp-method.Rd:10): Warning: missing </ul> before </div>
getCompartmentalMatrixFunc-ConstLinDecompOp-method.html:47:1 (getCompartmentalMatrixFunc-ConstLinDecompOp-method.Rd:10): Warning: missing </ul> before </div>
getCompartmentalMatrixFunc-TransportDecompositionOperator-method.html:47:1 (getCompartmentalMatrixFunc-TransportDecompositionOperator-method.Rd:10): Warning: missing </ul> before </div>
getCompartmentalMatrixFunc-UnBoundNonLinDecompOp-method.html:52:1 (getCompartmentalMatrixFunc-UnBoundNonLinDecompOp-method.Rd:12): Warning: missing </ul> before </div>
getCompartmentalMatrixFunc.html:54:1 (getCompartmentalMatrixFunc.Rd:14): Warning: missing </ul> before </div>
getConstLinDecompOp-ConstLinDecompOpWithLinearScalarFactor-method.html:47:1 (getConstLinDecompOp-ConstLinDecompOpWithLinearScalarFactor-method.Rd:10): Warning: missing </ul> before </div>
getConstLinDecompOp.html:46:1 (getConstLinDecompOp.Rd:10): Warning: missing </ul> before </div>
getConstantCompartmentalMatrix-ConstLinDecompOp-method.html:47:1 (getConstantCompartmentalMatrix-ConstLinDecompOp-method.Rd:10): Warning: missing </ul> before </div>
getConstantCompartmentalMatrix-ConstLinDecompOpWithLinearScalarFactor-method.html:47:1 (getConstantCompartmentalMatrix-ConstLinDecompOpWithLinearScalarFactor-method.Rd:10): Warning: missing </ul> before </div>
getConstantCompartmentalMatrix.html:46:1 (getConstantCompartmentalMatrix.Rd:10): Warning: missing </ul> before </div>
getConstantInFluxVector-ConstInFluxes-method.html:47:1 (getConstantInFluxVector-ConstInFluxes-method.Rd:10): Warning: missing </ul> before </div>
getConstantInFluxVector.html:46:1 (getConstantInFluxVector.Rd:10): Warning: missing </ul> before </div>
getConstantInternalFluxRateList_by_PoolIndex-ConstLinDecompOp-method.html:47:1 (getConstantInternalFluxRateList_by_PoolIndex-ConstLinDecompOp-method.Rd:10): Warning: missing </ul> before </div>
getConstantInternalFluxRateList_by_PoolIndex.html:46:1 (getConstantInternalFluxRateList_by_PoolIndex.Rd:10): Warning: missing </ul> before </div>
getConstantOutFluxRateList_by_PoolIndex-ConstLinDecompOp-method.html:47:1 (getConstantOutFluxRateList_by_PoolIndex-ConstLinDecompOp-method.Rd:10): Warning: missing </ul> before </div>
getConstantOutFluxRateList_by_PoolIndex.html:46:1 (getConstantOutFluxRateList_by_PoolIndex.Rd:10): Warning: missing </ul> before </div>
getCumulativeC-NlModel-method.html:47:1 (getCumulativeC-NlModel-method.Rd:10): Warning: missing </ul> before </div>
getCumulativeC.html:46:1 (getCumulativeC.Rd:10): Warning: missing </ul> before </div>
getDecompOp.html:46:1 (getDecompOp.Rd:10): Warning: missing </ul> before </div>
getDotOut-TransportDecompositionOperator-method.html:47:1 (getDotOut-TransportDecompositionOperator-method.Rd:10): Warning: missing </ul> before </div>
getDotOut.html:46:1 (getDotOut.Rd:10): Warning: missing </ul> before </div>
getF14-Model_14-method.html:47:1 (getF14-Model_14-method.Rd:10): Warning: missing </ul> before </div>
getF14.html:46:1 (getF14.Rd:10): Warning: missing </ul> before </div>
getF14C-Model_14-method.html:47:1 (getF14C-Model_14-method.Rd:10): Warning: missing </ul> before </div>
getF14C.html:46:1 (getF14C.Rd:10): Warning: missing </ul> before </div>
getF14R-Model_14-method.html:47:1 (getF14R-Model_14-method.Rd:10): Warning: missing </ul> before </div>
getF14R.html:46:1 (getF14R.Rd:10): Warning: missing </ul> before </div>
getFormat-Fc-method.html:47:1 (getFormat-Fc-method.Rd:10): Warning: missing </ul> before </div>
getFormat.html:46:1 (getFormat.Rd:10): Warning: missing </ul> before </div>
getFunctionDefinition-ConstInFluxes-method.html:47:1 (getFunctionDefinition-ConstInFluxes-method.Rd:10): Warning: missing </ul> before </div>
getFunctionDefinition-ConstLinDecompOp-method.html:47:1 (getFunctionDefinition-ConstLinDecompOp-method.Rd:10): Warning: missing </ul> before </div>
getFunctionDefinition-ConstLinDecompOpWithLinearScalarFactor-method.html:51:1 (getFunctionDefinition-ConstLinDecompOpWithLinearScalarFactor-method.Rd:12): Warning: missing </ul> before </div>
getFunctionDefinition-DecompositionOperator-method.html:47:1 (getFunctionDefinition-DecompositionOperator-method.Rd:10): Warning: missing </ul> before </div>
getFunctionDefinition-InFluxList_by_PoolIndex-method.html:51:1 (getFunctionDefinition-InFluxList_by_PoolIndex-method.Rd:12): Warning: missing </ul> before </div>
getFunctionDefinition-InFluxList_by_PoolName-method.html:60:1 (getFunctionDefinition-InFluxList_by_PoolName-method.Rd:17): Warning: missing </ul> before </div>
getFunctionDefinition-StateDependentInFluxVector-method.html:47:1 (getFunctionDefinition-StateDependentInFluxVector-method.Rd:10): Warning: missing </ul> before </div>
getFunctionDefinition-TimeMap-method.html:47:1 (getFunctionDefinition-TimeMap-method.Rd:10): Warning: missing </ul> before </div>
getFunctionDefinition-TransportDecompositionOperator-method.html:47:1 (getFunctionDefinition-TransportDecompositionOperator-method.Rd:10): Warning: missing </ul> before </div>
getFunctionDefinition-UnBoundInFluxes-method.html:47:1 (getFunctionDefinition-UnBoundInFluxes-method.Rd:10): Warning: missing </ul> before </div>
getFunctionDefinition.html:58:1 (getFunctionDefinition.Rd:16): Warning: missing </ul> before </div>
getInFluxes-Model-method.html:68:1 (getInFluxes-Model-method.Rd:22): Warning: missing </ul> before </div>
getInFluxes-NlModel-method.html:47:1 (getInFluxes-NlModel-method.Rd:10): Warning: missing </ul> before </div>
getInFluxes.html:46:1 (getInFluxes.Rd:10): Warning: missing </ul> before </div>
getInitialValues-NlModel-method.html:47:1 (getInitialValues-NlModel-method.Rd:10): Warning: missing </ul> before </div>
getInitialValues.html:46:1 (getInitialValues.Rd:10): Warning: missing </ul> before </div>
getLinearScaleFactor-ConstLinDecompOpWithLinearScalarFactor-method.html:47:1 (getLinearScaleFactor-ConstLinDecompOpWithLinearScalarFactor-method.Rd:10): Warning: missing </ul> before </div>
getLinearScaleFactor.html:46:1 (getLinearScaleFactor.Rd:10): Warning: missing </ul> before </div>
getMeanTransitTime-ConstLinDecompOp-method.html:51:1 (getMeanTransitTime-ConstLinDecompOp-method.Rd:12): Warning: missing </ul> before </div>
getMeanTransitTime.html:50:1 (getMeanTransitTime.Rd:12): Warning: missing </ul> before </div>
getNumberOfPools-MCSim-method.html:47:1 (getNumberOfPools-MCSim-method.Rd:10): Warning: missing </ul> before </div>
getNumberOfPools-NlModel-method.html:47:1 (getNumberOfPools-NlModel-method.Rd:10): Warning: missing </ul> before </div>
getNumberOfPools-TransportDecompositionOperator-method.html:47:1 (getNumberOfPools-TransportDecompositionOperator-method.Rd:10): Warning: missing </ul> before </div>
getNumberOfPools.html:46:1 (getNumberOfPools.Rd:10): Warning: missing </ul> before </div>
getOutputFluxes-NlModel-method.html:51:1 (getOutputFluxes-NlModel-method.Rd:12): Warning: missing </ul> before </div>
getOutputFluxes.html:50:1 (getOutputFluxes.Rd:12): Warning: missing </ul> before </div>
getOutputReceivers-TransportDecompositionOperator-numeric-method.html:51:1 (getOutputReceivers-TransportDecompositionOperator-numeric-method.Rd:12): Warning: missing </ul> before </div>
getOutputReceivers.html:50:1 (getOutputReceivers.Rd:12): Warning: missing </ul> before </div>
getParticleMonteCarloSimulator-NlModel-method.html:47:1 (getParticleMonteCarloSimulator-NlModel-method.Rd:10): Warning: missing </ul> before </div>
getParticleMonteCarloSimulator.html:46:1 (getParticleMonteCarloSimulator.Rd:10): Warning: missing </ul> before </div>
getReleaseFlux-Model_by_PoolNames-method.html:66:1 (getReleaseFlux-Model_by_PoolNames-method.Rd:22): Warning: missing </ul> before </div>
getReleaseFlux-NlModel-method.html:47:1 (getReleaseFlux-NlModel-method.Rd:10): Warning: missing </ul> before </div>
getReleaseFlux.html:46:1 (getReleaseFlux.Rd:10): Warning: missing </ul> before </div>
getReleaseFlux14-Model_14-method.html:47:1 (getReleaseFlux14-Model_14-method.Rd:10): Warning: missing </ul> before </div>
getReleaseFlux14.html:46:1 (getReleaseFlux14.Rd:10): Warning: missing </ul> before </div>
getRightHandSideOfODE-Model_by_PoolNames-method.html:47:1 (getRightHandSideOfODE-Model_by_PoolNames-method.Rd:10): Warning: missing </ul> before </div>
getRightHandSideOfODE.html:58:1 (getRightHandSideOfODE.Rd:16): Warning: missing </ul> before </div>
getTimeRange-ConstInFluxes-method.html:47:1 (getTimeRange-ConstInFluxes-method.Rd:10): Warning: missing </ul> before </div>
getTimeRange-ConstLinDecompOp-method.html:47:1 (getTimeRange-ConstLinDecompOp-method.Rd:10): Warning: missing </ul> before </div>
getTimeRange-ConstLinDecompOpWithLinearScalarFactor-method.html:47:1 (getTimeRange-ConstLinDecompOpWithLinearScalarFactor-method.Rd:10): Warning: missing </ul> before </div>
getTimeRange-DecompositionOperator-method.html:47:1 (getTimeRange-DecompositionOperator-method.Rd:10): Warning: missing </ul> before </div>
getTimeRange-TimeMap-method.html:47:1 (getTimeRange-TimeMap-method.Rd:10): Warning: missing </ul> before </div>
getTimeRange-UnBoundInFluxes-method.html:47:1 (getTimeRange-UnBoundInFluxes-method.Rd:10): Warning: missing </ul> before </div>
getTimeRange-UnBoundLinDecompOp-method.html:47:1 (getTimeRange-UnBoundLinDecompOp-method.Rd:10): Warning: missing </ul> before </div>
getTimeRange.html:46:1 (getTimeRange.Rd:10): Warning: missing </ul> before </div>
getTimes-Model-method.html:68:1 (getTimes-Model-method.Rd:22): Warning: missing </ul> before </div>
getTimes-Model_by_PoolNames-method.html:68:1 (getTimes-Model_by_PoolNames-method.Rd:22): Warning: missing </ul> before </div>
getTimes-NlModel-method.html:47:1 (getTimes-NlModel-method.Rd:10): Warning: missing </ul> before </div>
getTimes.html:46:1 (getTimes.Rd:10): Warning: missing </ul> before </div>
getTransferCoefficients-NlModel-method.html:51:1 (getTransferCoefficients-NlModel-method.Rd:12): Warning: missing </ul> before </div>
getTransferCoefficients-TransportDecompositionOperator-method.html:47:1 (getTransferCoefficients-TransportDecompositionOperator-method.Rd:10): Warning: missing </ul> before </div>
getTransferCoefficients.html:54:1 (getTransferCoefficients.Rd:14): Warning: missing </ul> before </div>
getTransferMatrix.html:46:1 (getTransferMatrix.Rd:10): Warning: missing </ul> before </div>
getTransferMatrixFunc-TransportDecompositionOperator-method.html:47:1 (getTransferMatrixFunc-TransportDecompositionOperator-method.Rd:10): Warning: missing </ul> before </div>
getTransferMatrixFunc.html:46:1 (getTransferMatrixFunc.Rd:10): Warning: missing </ul> before </div>
getTransitTimeDistributionDensity-ConstLinDecompOp-method.html:55:1 (getTransitTimeDistributionDensity-ConstLinDecompOp-method.Rd:14): Warning: missing </ul> before </div>
getTransitTimeDistributionDensity.html:54:1 (getTransitTimeDistributionDensity.Rd:14): Warning: missing </ul> before </div>
getValues-ConstFc-method.html:47:1 (getValues-ConstFc-method.Rd:10): Warning: missing </ul> before </div>
getValues.html:46:1 (getValues.Rd:10): Warning: missing </ul> before </div>
initialize-ConstLinDecompOp-method.html:51:1 (initialize-ConstLinDecompOp-method.Rd:12): Warning: missing </ul> before </div>
initialize-DecompositionOperator-method.html:71:1 (initialize-DecompositionOperator-method.Rd:26): Warning: missing </ul> before </div>
initialize-MCSim-method.html:55:1 (initialize-MCSim-method.Rd:14): Warning: missing </ul> before </div>
initialize-Model-method.html:84:1 (initialize-Model-method.Rd:33): Warning: missing </ul> before </div>
initialize-Model_14-method.html:102:1 (initialize-Model_14-method.Rd:45): Warning: missing </ul> before </div>
initialize-Model_by_PoolNames-method.html:84:1 (initialize-Model_by_PoolNames-method.Rd:33): Warning: missing </ul> before </div>
initialize-NlModel-method.html:88:1 (initialize-NlModel-method.Rd:39): Warning: missing </ul> before </div>
initialize-TimeMap-method.html:66:1 (initialize-TimeMap-method.Rd:23): Warning: missing </ul> before </div>
initialize-TransportDecompositionOperator-method.html:81:1 (initialize-TransportDecompositionOperator-method.Rd:32): Warning: missing </ul> before </div>
initialize-UnBoundInFluxes-method.html:55:1 (initialize-UnBoundInFluxes-method.Rd:16): Warning: missing </ul> before </div>
initialize-UnBoundLinDecompOp-method.html:55:1 (initialize-UnBoundLinDecompOp-method.Rd:16): Warning: missing </ul> before </div>
linesCPool.html:64:1 (linesCPool.Rd:19): Warning: missing </ul> before </div>
plot-MCSim-method.html:55:1 (plot-MCSim-method.Rd:14): Warning: missing </ul> before </div>
plot-Model-method.html:48:1 (plot-Model-method.Rd:10): Warning: missing </ul> before </div>
plot-Model_by_PoolNames-method.html:47:1 (plot-Model_by_PoolNames-method.Rd:10): Warning: missing </ul> before </div>
plot-NlModel-method.html:47:1 (plot-NlModel-method.Rd:10): Warning: missing </ul> before </div>
plot-TimeMap-method.html:55:1 (plot-TimeMap-method.Rd:14): Warning: missing </ul> before </div>
plotC14Pool.html:66:1 (plotC14Pool.Rd:21): Warning: missing </ul> before </div>
plotCPool.html:63:1 (plotCPool.Rd:19): Warning: missing </ul> before </div>
plotPoolGraph-SymbolicModel_by_PoolNames-method.html:47:1 (plotPoolGraph-SymbolicModel_by_PoolNames-method.Rd:10): Warning: missing </ul> before </div>
plotPoolGraph.html:46:1 (plotPoolGraph.Rd:10): Warning: missing </ul> before </div>
plotPoolGraphFromTupleLists.html:61:1 (plotPoolGraphFromTupleLists.Rd:21): Warning: missing </ul> before </div>
print-NlModel-method.html:47:1 (print-NlModel-method.Rd:10): Warning: missing </ul> before </div>
show-NlModel-method.html:47:1 (show-NlModel-method.Rd:10): Warning: missing </ul> before </div>
state_variable_names.html:46:1 (state_variable_names.Rd:10): Warning: missing </ul> before </div>
sub-Model-character-missing-missing-method.html:55:1 (sub-Model-character-missing-missing-method.Rd:12): Warning: missing </ul> before </div>
sub-NlModel-character-ANY-ANY-method.html:51:1 (sub-NlModel-character-ANY-ANY-method.Rd:12): Warning: missing </ul> before </div>
sub-sub-MCSim-method.html:51:1 (sub-sub-MCSim-method.Rd:12): Warning: missing </ul> before </div>
sub-subset-MCSim-method.html:63:1 (sub-subset-MCSim-method.Rd:18): Warning: missing </ul> before </div>
Flavor: r-devel-linux-x86_64-debian-gcc