Last updated on 2025-07-05 09:49:36 CEST.
Flavor | Version | Tinstall | Tcheck | Ttotal | Status | Flags |
---|---|---|---|---|---|---|
r-devel-linux-x86_64-debian-clang | 2.1.2 | 30.62 | 438.57 | 469.19 | NOTE | |
r-devel-linux-x86_64-debian-gcc | 2.1.2 | 18.76 | 284.99 | 303.75 | NOTE | |
r-devel-linux-x86_64-fedora-clang | 2.1.2 | 743.29 | OK | |||
r-devel-linux-x86_64-fedora-gcc | 2.1.2 | 742.89 | OK | |||
r-devel-windows-x86_64 | 2.1.2 | 26.00 | 454.00 | 480.00 | NOTE | |
r-patched-linux-x86_64 | 2.1.2 | 27.89 | 422.57 | 450.46 | NOTE | |
r-release-linux-x86_64 | 2.1.2 | 27.33 | 414.99 | 442.32 | NOTE | |
r-release-macos-arm64 | 2.1.2 | 183.00 | OK | |||
r-release-macos-x86_64 | 2.1.2 | 413.00 | OK | |||
r-release-windows-x86_64 | 2.1.2 | 25.00 | 413.00 | 438.00 | NOTE | |
r-oldrel-macos-arm64 | 2.1.2 | 156.00 | OK | |||
r-oldrel-macos-x86_64 | 2.1.2 | 275.00 | OK | |||
r-oldrel-windows-x86_64 | 2.1.2 | 36.00 | 542.00 | 578.00 | OK |
Version: 2.1.2
Check: Rd cross-references
Result: NOTE
Found the following Rd file(s) with Rd \link{} targets missing package
anchors:
rasterReilly.Rd: ratify
Please provide package anchors for all Rd \link{} targets not in the
package itself and the base packages.
Flavors: r-devel-linux-x86_64-debian-clang, r-devel-linux-x86_64-debian-gcc, r-devel-windows-x86_64, r-patched-linux-x86_64, r-release-linux-x86_64, r-release-windows-x86_64