CRAN Package Check Results for Package Spower

Last updated on 2025-07-04 09:50:05 CEST.

Flavor Version Tinstall Tcheck Ttotal Status Flags
r-devel-linux-x86_64-debian-clang 0.2.3 10.00 80.83 90.83 OK
r-devel-linux-x86_64-debian-gcc 0.2.3 6.35 58.57 64.92 OK
r-devel-linux-x86_64-fedora-clang 0.2.3 134.99 OK
r-devel-linux-x86_64-fedora-gcc 0.2.3 141.79 OK
r-devel-windows-x86_64 0.2.3 13.00 95.00 108.00 OK
r-patched-linux-x86_64 0.2.3 10.03 73.56 83.59 OK
r-release-linux-x86_64 0.2.3 7.48 73.28 80.76 OK
r-release-macos-arm64 0.2.3 58.00 OK
r-release-macos-x86_64 0.2.3 74.00 WARN
r-release-windows-x86_64 0.2.3 11.00 94.00 105.00 OK
r-oldrel-macos-arm64 0.2.3 66.00 OK
r-oldrel-macos-x86_64 0.2.3 99.00 OK
r-oldrel-windows-x86_64 0.2.3 16.00 114.00 130.00 OK

Check Details

Version: 0.2.3
Check: package subdirectories
Result: WARN Warning message: In file(con, "w") : cannot open file '/var/folders/2b/t0kwbtmn3p7brv2mvx39c9cr0000gn/T//RtmpQiDWY6/filef53538ca3f31': No space left on device Please remove or rename the files. See section ‘Package subdirectories’ in the ‘Writing R Extensions’ manual. Flavor: r-release-macos-x86_64