Last updated on 2025-10-22 09:50:53 CEST.
Flavor | Version | Tinstall | Tcheck | Ttotal | Status | Flags |
---|---|---|---|---|---|---|
r-devel-linux-x86_64-debian-clang | 1.3.0 | 11.76 | 172.32 | 184.08 | OK | |
r-devel-linux-x86_64-debian-gcc | 1.3.0 | 7.37 | 120.42 | 127.79 | OK | |
r-devel-linux-x86_64-fedora-clang | 1.3.0 | 54.00 | 232.33 | 286.33 | OK | |
r-devel-linux-x86_64-fedora-gcc | 1.3.0 | 25.00 | 249.87 | 274.87 | OK | |
r-devel-windows-x86_64 | 1.3.0 | 15.00 | 148.00 | 163.00 | OK | |
r-patched-linux-x86_64 | 1.3.0 | 11.28 | 164.97 | 176.25 | OK | |
r-release-linux-x86_64 | 1.3.0 | 9.18 | 162.98 | 172.16 | OK | |
r-release-macos-arm64 | 1.3.0 | 4.00 | 61.00 | 65.00 | OK | |
r-release-macos-x86_64 | 1.3.0 | 8.00 | 107.00 | 115.00 | OK | |
r-release-windows-x86_64 | 1.3.0 | 15.00 | 160.00 | 175.00 | OK | |
r-oldrel-macos-arm64 | 1.3.0 | 4.00 | 56.00 | 60.00 | NOTE | |
r-oldrel-macos-x86_64 | 1.3.0 | 6.00 | 87.00 | 93.00 | NOTE | |
r-oldrel-windows-x86_64 | 1.3.0 | 20.00 | 192.00 | 212.00 | NOTE |
Version: 1.3.0
Check: installed package size
Result: NOTE
installed size is 8.7Mb
sub-directories of 1Mb or more:
doc 8.2Mb
Flavors: r-oldrel-macos-arm64, r-oldrel-macos-x86_64, r-oldrel-windows-x86_64