Last updated on 2025-10-21 09:48:49 CEST.
Flavor | Version | Tinstall | Tcheck | Ttotal | Status | Flags |
---|---|---|---|---|---|---|
r-devel-linux-x86_64-debian-clang | 1.0.1 | 17.01 | 121.84 | 138.85 | OK | |
r-devel-linux-x86_64-debian-gcc | 1.0.1 | 14.06 | 83.30 | 97.36 | NOTE | |
r-devel-linux-x86_64-fedora-clang | 1.0.1 | 235.83 | OK | |||
r-devel-linux-x86_64-fedora-gcc | 1.0.1 | 236.55 | OK | |||
r-devel-windows-x86_64 | 1.0.1 | 21.00 | 120.00 | 141.00 | OK | |
r-patched-linux-x86_64 | 1.0.1 | 18.33 | 117.29 | 135.62 | OK | |
r-release-linux-x86_64 | 1.0.1 | 17.04 | 117.85 | 134.89 | OK | |
r-release-macos-arm64 | 1.0.1 | 64.00 | OK | |||
r-release-macos-x86_64 | 1.0.1 | 124.00 | OK | |||
r-release-windows-x86_64 | 1.0.1 | 21.00 | 120.00 | 141.00 | OK | |
r-oldrel-macos-arm64 | 1.0.1 | 65.00 | NOTE | |||
r-oldrel-macos-x86_64 | 1.0.1 | 99.00 | NOTE | |||
r-oldrel-windows-x86_64 | 1.0.1 | 26.00 | 158.00 | 184.00 | NOTE |
Version: 1.0.1
Check: HTML version of manual
Result: NOTE
Found the following HTML validation problems:
supercell_GeneGenePlot_single.html:98:1 (supercell_GeneGenePlot_single.Rd:42): Warning: missing </ul> before </div>
supercell_VlnPlot_single.html:103:1 (supercell_VlnPlot_single.Rd:45): Warning: missing </ul> before </div>
Flavor: r-devel-linux-x86_64-debian-gcc
Version: 1.0.1
Check: package dependencies
Result: NOTE
Package suggested but not available for checking: ‘velocyto.R’
Flavors: r-oldrel-macos-arm64, r-oldrel-macos-x86_64, r-oldrel-windows-x86_64