Last updated on 2025-10-22 09:50:56 CEST.
Flavor | Version | Tinstall | Tcheck | Ttotal | Status | Flags |
---|---|---|---|---|---|---|
r-devel-linux-x86_64-debian-clang | 1.0.3 | 13.67 | 43.42 | 57.09 | NOTE | |
r-devel-linux-x86_64-debian-gcc | 1.0.3 | 9.81 | 31.64 | 41.45 | NOTE | |
r-devel-linux-x86_64-fedora-clang | 1.0.3 | 42.00 | 57.40 | 99.40 | OK | |
r-devel-linux-x86_64-fedora-gcc | 1.0.3 | 36.00 | 56.03 | 92.03 | OK | |
r-devel-windows-x86_64 | 1.0.3 | 16.00 | 146.00 | 162.00 | OK | |
r-patched-linux-x86_64 | 1.0.3 | 15.50 | 42.32 | 57.82 | OK | |
r-release-linux-x86_64 | 1.0.3 | 14.60 | 42.51 | 57.11 | OK | |
r-release-macos-arm64 | 1.0.3 | 6.00 | 21.00 | 27.00 | OK | |
r-release-macos-x86_64 | 1.0.3 | 10.00 | 44.00 | 54.00 | OK | |
r-release-windows-x86_64 | 1.0.3 | 17.00 | 82.00 | 99.00 | OK | |
r-oldrel-macos-arm64 | 1.0.3 | 7.00 | 23.00 | 30.00 | OK | |
r-oldrel-macos-x86_64 | 1.0.3 | 18.00 | 42.00 | 60.00 | OK | |
r-oldrel-windows-x86_64 | 1.0.3 | 19.00 | 91.00 | 110.00 | OK |
Version: 1.0.3
Check: HTML version of manual
Result: NOTE
Found the following HTML validation problems:
FullCTP_C.html:64:1 (FullCTP_C.Rd:20): Warning: missing </ul> before </div>
MakeY_C.html:53:1 (MakeY_C.Rd:14): Warning: missing </ul> before </div>
MakeZ_C.html:53:1 (MakeZ_C.Rd:14): Warning: missing </ul> before </div>
MakeZ_C_nsmall.html:58:1 (MakeZ_C_nsmall.Rd:17): Warning: missing </ul> before </div>
TestSet_C.html:80:1 (TestSet_C.Rd:32): Warning: missing </ul> before </div>
TopDown_C.html:54:1 (TopDown_C.Rd:14): Warning: missing </ul> before </div>
TopDown_C_binary.html:67:1 (TopDown_C_binary.Rd:20): Warning: missing </ul> before </div>
TopDown_C_binary_subset.html:71:1 (TopDown_C_binary_subset.Rd:22): Warning: missing </ul> before </div>
Flavors: r-devel-linux-x86_64-debian-clang, r-devel-linux-x86_64-debian-gcc