Last updated on 2025-10-22 09:50:56 CEST.
Flavor | Version | Tinstall | Tcheck | Ttotal | Status | Flags |
---|---|---|---|---|---|---|
r-devel-linux-x86_64-debian-clang | 1.0.4 | 31.57 | 80.75 | 112.32 | NOTE | |
r-devel-linux-x86_64-debian-gcc | 1.0.4 | 27.25 | 59.93 | 87.18 | NOTE | |
r-devel-linux-x86_64-fedora-clang | 1.0.4 | 70.00 | 110.55 | 180.55 | OK | |
r-devel-linux-x86_64-fedora-gcc | 1.0.4 | 62.00 | 120.31 | 182.31 | OK | |
r-devel-windows-x86_64 | 1.0.4 | 34.00 | 247.00 | 281.00 | OK | |
r-patched-linux-x86_64 | 1.0.4 | 28.57 | 79.27 | 107.84 | OK | |
r-release-linux-x86_64 | 1.0.4 | 29.17 | 79.84 | 109.01 | OK | |
r-release-macos-arm64 | 1.0.4 | 24.00 | 49.00 | 73.00 | OK | |
r-release-macos-x86_64 | 1.0.4 | 34.00 | 85.00 | 119.00 | OK | |
r-release-windows-x86_64 | 1.0.4 | 33.00 | 95.00 | 128.00 | OK | |
r-oldrel-macos-arm64 | 1.0.4 | 24.00 | 45.00 | 69.00 | NOTE | |
r-oldrel-macos-x86_64 | 1.0.4 | 25.00 | 67.00 | 92.00 | NOTE | |
r-oldrel-windows-x86_64 | 1.0.4 | 40.00 | 217.00 | 257.00 | OK |
Version: 1.0.4
Check: HTML version of manual
Result: NOTE
Found the following HTML validation problems:
plotTuningSurface.html:46:1 (plotTuningSurface.Rd:10): Warning: missing </ul> before </div>
Flavors: r-devel-linux-x86_64-debian-clang, r-devel-linux-x86_64-debian-gcc
Version: 1.0.4
Check: installed package size
Result: NOTE
installed size is 5.3Mb
sub-directories of 1Mb or more:
data 5.1Mb
Flavors: r-oldrel-macos-arm64, r-oldrel-macos-x86_64