Last updated on 2025-10-22 09:50:57 CEST.
Flavor | Version | Tinstall | Tcheck | Ttotal | Status | Flags |
---|---|---|---|---|---|---|
r-devel-linux-x86_64-debian-clang | 3.0.5 | 9.40 | 94.77 | 104.17 | NOTE | |
r-devel-linux-x86_64-debian-gcc | 3.0.5 | 6.36 | 62.03 | 68.39 | NOTE | |
r-devel-linux-x86_64-fedora-clang | 3.0.5 | 65.00 | 108.54 | 173.54 | OK | |
r-devel-linux-x86_64-fedora-gcc | 3.0.5 | 21.00 | 130.95 | 151.95 | OK | |
r-devel-windows-x86_64 | 3.0.5 | 10.00 | 175.00 | 185.00 | OK | |
r-patched-linux-x86_64 | 3.0.5 | 8.64 | 89.13 | 97.77 | OK | |
r-release-linux-x86_64 | 3.0.5 | 8.42 | 88.90 | 97.32 | OK | |
r-release-macos-arm64 | 3.0.5 | 4.00 | 39.00 | 43.00 | OK | |
r-release-macos-x86_64 | 3.0.5 | 11.00 | 118.00 | 129.00 | OK | |
r-release-windows-x86_64 | 3.0.5 | 13.00 | 95.00 | 108.00 | OK | |
r-oldrel-macos-arm64 | 3.0.5 | 4.00 | 41.00 | 45.00 | OK | |
r-oldrel-macos-x86_64 | 3.0.5 | 11.00 | 96.00 | 107.00 | OK | |
r-oldrel-windows-x86_64 | 3.0.5 | 15.00 | 123.00 | 138.00 | OK |
Version: 3.0.5
Check: HTML version of manual
Result: NOTE
Found the following HTML validation problems:
print.summary.tsci.html:55:1 (print.summary.tsci.Rd:14): Warning: missing </ul> before </div>
print.tsci.html:55:1 (print.tsci.Rd:14): Warning: missing </ul> before </div>
Flavors: r-devel-linux-x86_64-debian-clang, r-devel-linux-x86_64-debian-gcc