Last updated on 2025-10-21 09:48:52 CEST.
Flavor | Version | Tinstall | Tcheck | Ttotal | Status | Flags |
---|---|---|---|---|---|---|
r-devel-linux-x86_64-debian-clang | 1.0.5 | 9.91 | 185.41 | 195.32 | OK | |
r-devel-linux-x86_64-debian-gcc | 1.0.5 | 6.17 | 115.97 | 122.14 | NOTE | |
r-devel-linux-x86_64-fedora-clang | 1.0.5 | 311.00 | OK | |||
r-devel-linux-x86_64-fedora-gcc | 1.0.5 | 309.74 | OK | |||
r-devel-windows-x86_64 | 1.0.5 | 11.00 | 178.00 | 189.00 | OK | |
r-patched-linux-x86_64 | 1.0.5 | 8.51 | 174.35 | 182.86 | OK | |
r-release-linux-x86_64 | 1.0.5 | 8.94 | 173.80 | 182.74 | OK | |
r-release-macos-arm64 | 1.0.5 | 75.00 | OK | |||
r-release-macos-x86_64 | 1.0.5 | 155.00 | OK | |||
r-release-windows-x86_64 | 1.0.5 | 11.00 | 285.00 | 296.00 | OK | |
r-oldrel-macos-arm64 | 1.0.5 | 80.00 | OK | |||
r-oldrel-macos-x86_64 | 1.0.5 | 158.00 | OK | |||
r-oldrel-windows-x86_64 | 1.0.5 | 14.00 | 319.00 | 333.00 | OK |
Version: 1.0.5
Check: HTML version of manual
Result: NOTE
Found the following HTML validation problems:
comp_expected_returns.html:50:1 (comp_expected_returns.Rd:12): Warning: missing </ul> before </div>
get_object_size.html:48:1 (get_object_size.Rd:11): Warning: missing </ul> before </div>
Flavor: r-devel-linux-x86_64-debian-gcc