Last updated on 2025-10-22 09:50:56 CEST.
Flavor | Version | Tinstall | Tcheck | Ttotal | Status | Flags |
---|---|---|---|---|---|---|
r-devel-linux-x86_64-debian-clang | 3.1.1 | 14.02 | 407.63 | 421.65 | NOTE | |
r-devel-linux-x86_64-debian-gcc | 3.1.1 | 9.08 | 267.36 | 276.44 | NOTE | |
r-devel-linux-x86_64-fedora-clang | 3.1.1 | 82.00 | 573.12 | 655.12 | OK | |
r-devel-linux-x86_64-fedora-gcc | 3.1.1 | 27.00 | 581.37 | 608.37 | OK | |
r-devel-windows-x86_64 | 3.1.1 | 14.00 | 299.00 | 313.00 | OK | |
r-patched-linux-x86_64 | 3.1.1 | 12.63 | 389.82 | 402.45 | OK | |
r-release-linux-x86_64 | 3.1.1 | 9.91 | 385.72 | 395.63 | OK | |
r-release-macos-arm64 | 3.1.1 | 4.00 | 125.00 | 129.00 | OK | |
r-release-macos-x86_64 | 3.1.1 | 16.00 | 385.00 | 401.00 | OK | |
r-release-windows-x86_64 | 3.1.1 | 14.00 | 299.00 | 313.00 | OK | |
r-oldrel-macos-arm64 | 3.1.1 | 5.00 | 137.00 | 142.00 | NOTE | |
r-oldrel-macos-x86_64 | 3.1.1 | 15.00 | 359.00 | 374.00 | NOTE | |
r-oldrel-windows-x86_64 | 3.1.1 | 19.00 | 431.00 | 450.00 | NOTE |
Version: 3.1.1
Check: HTML version of manual
Result: NOTE
Found the following HTML validation problems:
TreatmentPatternsResults.html:490:1 (TreatmentPatternsResults.Rd:302): Warning: missing </ul> before </div>
TreatmentPatternsResults.html:167:1 (TreatmentPatternsResults.Rd:103): Warning: <h5> anchor "Usage" already defined
TreatmentPatternsResults.html:173:1 (TreatmentPatternsResults.Rd:107): Warning: <h5> anchor "Arguments" already defined
TreatmentPatternsResults.html:207:1 (TreatmentPatternsResults.Rd:127): Warning: <h5> anchor "Usage" already defined
TreatmentPatternsResults.html:213:1 (TreatmentPatternsResults.Rd:131): Warning: <h5> anchor "Arguments" already defined
TreatmentPatternsResults.html:228:1 (TreatmentPatternsResults.Rd:140): Warning: <h5> anchor "Returns" already defined
TreatmentPatternsResults.html:245:1 (TreatmentPatternsResults.Rd:149): Warning: <h5> anchor "Usage" already defined
TreatmentPatternsResults.html:257:1 (TreatmentPatternsResults.Rd:159): Warning: <h5> anchor "Arguments" already defined
TreatmentPatternsResults.html:278:1 (TreatmentPatternsResults.Rd:174): Warning: <h5> anchor "Returns" already defined
TreatmentPatternsResults.html:295:1 (TreatmentPatternsResults.Rd:183): Warning: <h5> anchor "Usage" already defined
TreatmentPatternsResults.html:301:1 (TreatmentPatternsResults.Rd:187): Warning: <h5> anchor "Arguments" already defined
TreatmentPatternsResults.html:314:1 (TreatmentPatternsResults.Rd:194): Warning: <h5> anchor "Returns" already defined
TreatmentPatternsResults.html:331:1 (TreatmentPatternsResults.Rd:203): Warning: <h5> anchor "Usage" already defined
TreatmentPatternsResults.html:343:1 (TreatmentPatternsResults.Rd:213): Warning: <h5> anchor "Arguments" already defined
TreatmentPatternsResults.html:364:1 (TreatmentPatternsResults.Rd:228): Warning: <h5> anchor "Returns" already defined
TreatmentPatternsResults.html:381:1 (TreatmentPatternsResults.Rd:237): Warning: <h5> anchor "Usage" already defined
TreatmentPatternsResults.html:393:1 (TreatmentPatternsResults.Rd:247): Warning: <h5> anchor "Arguments" already defined
TreatmentPatternsResults.html:414:1 (TreatmentPatternsResults.Rd:262): Warning: <h5> anchor "Returns" already defined
TreatmentPatternsResults.html:431:1 (TreatmentPatternsResults.Rd:271): Warning: <h5> anchor "Usage" already defined
TreatmentPatternsResults.html:437:1 (TreatmentPatternsResults.Rd:275): Warning: <h5> anchor "Arguments" already defined
TreatmentPatternsResults.html:450:1 (TreatmentPatternsResults.Rd:282): Warning: <h5> anchor "Returns" already defined
TreatmentPatternsResults.html:467:1 (TreatmentPatternsResults.Rd:291): Warning: <h5> anchor "Usage" already defined
TreatmentPatternsResults.html:473:1 (TreatmentPatternsResults.Rd:295): Warning: <h5> anchor "Arguments" already defined
Flavors: r-devel-linux-x86_64-debian-clang, r-devel-linux-x86_64-debian-gcc
Version: 3.1.1
Check: installed package size
Result: NOTE
installed size is 7.0Mb
sub-directories of 1Mb or more:
doc 5.0Mb
Flavors: r-oldrel-macos-arm64, r-oldrel-macos-x86_64, r-oldrel-windows-x86_64