Last updated on 2025-07-04 09:50:07 CEST.
Flavor | Version | Tinstall | Tcheck | Ttotal | Status | Flags |
---|---|---|---|---|---|---|
r-devel-linux-x86_64-debian-clang | 3.1.0 | 12.52 | 398.71 | 411.23 | OK | |
r-devel-linux-x86_64-debian-gcc | 3.1.0 | 8.29 | 299.39 | 307.68 | OK | |
r-devel-linux-x86_64-fedora-clang | 3.1.0 | 628.77 | OK | |||
r-devel-linux-x86_64-fedora-gcc | 3.1.0 | 643.25 | OK | |||
r-devel-windows-x86_64 | 3.1.0 | 12.00 | 311.00 | 323.00 | OK | |
r-patched-linux-x86_64 | 3.1.0 | 10.92 | 372.97 | 383.89 | OK | |
r-release-linux-x86_64 | 3.1.0 | 10.12 | 374.74 | 384.86 | OK | |
r-release-macos-arm64 | 3.1.0 | 149.00 | OK | |||
r-release-macos-x86_64 | 3.1.0 | 295.00 | OK | |||
r-release-windows-x86_64 | 3.1.0 | 12.00 | 305.00 | 317.00 | OK | |
r-oldrel-macos-arm64 | 3.1.0 | 160.00 | NOTE | |||
r-oldrel-macos-x86_64 | 3.1.0 | 309.00 | NOTE | |||
r-oldrel-windows-x86_64 | 3.1.0 | 18.00 | 468.00 | 486.00 | NOTE |
Version: 3.1.0
Check: installed package size
Result: NOTE
installed size is 7.0Mb
sub-directories of 1Mb or more:
doc 5.0Mb
Flavors: r-oldrel-macos-arm64, r-oldrel-macos-x86_64, r-oldrel-windows-x86_64