Last updated on 2025-10-22 09:50:56 CEST.
Flavor | Version | Tinstall | Tcheck | Ttotal | Status | Flags |
---|---|---|---|---|---|---|
r-devel-linux-x86_64-debian-clang | 1.5.3 | 37.85 | 69.44 | 107.29 | NOTE | |
r-devel-linux-x86_64-debian-gcc | 1.5.3 | 22.11 | 50.79 | 72.90 | NOTE | |
r-devel-linux-x86_64-fedora-clang | 1.5.3 | 97.00 | 81.50 | 178.50 | OK | |
r-devel-linux-x86_64-fedora-gcc | 1.5.3 | 79.00 | 99.09 | 178.09 | OK | |
r-devel-windows-x86_64 | 1.5.3 | 42.00 | 100.00 | 142.00 | OK | |
r-patched-linux-x86_64 | 1.5.3 | 36.15 | 64.81 | 100.96 | OK | |
r-release-linux-x86_64 | 1.5.3 | 32.39 | 64.82 | 97.21 | OK | |
r-release-macos-arm64 | 1.5.3 | 18.00 | 90.00 | 108.00 | OK | |
r-release-macos-x86_64 | 1.5.3 | 23.00 | 83.00 | 106.00 | OK | |
r-release-windows-x86_64 | 1.5.3 | 43.00 | 109.00 | 152.00 | OK | |
r-oldrel-macos-arm64 | 1.5.3 | 13.00 | 45.00 | 58.00 | OK | |
r-oldrel-macos-x86_64 | 1.5.3 | 21.00 | 94.00 | 115.00 | OK | |
r-oldrel-windows-x86_64 | 1.5.3 | 51.00 | 123.00 | 174.00 | OK |
Version: 1.5.3
Check: HTML version of manual
Result: NOTE
Found the following HTML validation problems:
extendMPT.html:73:1 (extendMPT.Rd:29): Warning: missing </ul> before </div>
summarizeMCMC.html:56:1 (summarizeMCMC.Rd:16): Warning: missing </ul> before </div>
Flavors: r-devel-linux-x86_64-debian-clang, r-devel-linux-x86_64-debian-gcc