Last updated on 2025-10-21 09:48:52 CEST.
Flavor | Version | Tinstall | Tcheck | Ttotal | Status | Flags |
---|---|---|---|---|---|---|
r-devel-linux-x86_64-debian-clang | 2.5.3 | 4.36 | 39.75 | 44.11 | NOTE | |
r-devel-linux-x86_64-debian-gcc | 2.5.3 | 3.50 | 28.60 | 32.10 | NOTE | |
r-devel-linux-x86_64-fedora-clang | 2.5.3 | 69.27 | OK | |||
r-devel-linux-x86_64-fedora-gcc | 2.5.3 | 61.70 | OK | |||
r-devel-windows-x86_64 | 2.5.3 | 8.00 | 59.00 | 67.00 | OK | |
r-patched-linux-x86_64 | 2.5.3 | 4.98 | 37.03 | 42.01 | OK | |
r-release-linux-x86_64 | 2.5.3 | 4.38 | 36.93 | 41.31 | OK | |
r-release-macos-arm64 | 2.5.3 | 22.00 | OK | |||
r-release-macos-x86_64 | 2.5.3 | 39.00 | OK | |||
r-release-windows-x86_64 | 2.5.3 | 7.00 | 65.00 | 72.00 | OK | |
r-oldrel-macos-arm64 | 2.5.3 | 21.00 | OK | |||
r-oldrel-macos-x86_64 | 2.5.3 | 30.00 | OK | |||
r-oldrel-windows-x86_64 | 2.5.3 | 9.00 | 71.00 | 80.00 | OK |
Version: 2.5.3
Check: CRAN incoming feasibility
Result: NOTE
Maintainer: ‘Hans Kestler <hans.kestler@uni-ulm.de>’
No Authors@R field in DESCRIPTION.
Please add one, modifying
Authors@R: c(person(given = "Christoph",
family = "Müssel",
role = "aut"),
person(given = "Ludwig",
family = "Lausser",
role = "aut"),
person(given = "Hans",
family = "Kestler",
role = c("aut", "cre"),
email = "hans.kestler@uni-ulm.de"))
as necessary.
Flavors: r-devel-linux-x86_64-debian-clang, r-devel-linux-x86_64-debian-gcc
Version: 2.5.3
Check: top-level files
Result: NOTE
Found the following validation problem for the NEWS.Rd HTML conversion:
NEWS.html:102:1 (inst/NEWS.Rd:67): Warning: missing </ul> before </div>
NEWS.html:88:1 (inst/NEWS.Rd:60): Warning: <h4> anchor "Modified-functions" already defined
Flavor: r-devel-linux-x86_64-debian-gcc