CRAN Package Check Results for Package USE

Last updated on 2025-10-22 09:50:57 CEST.

Flavor Version Tinstall Tcheck Ttotal Status Flags
r-devel-linux-x86_64-debian-clang 0.1.6 2.20 102.63 104.83 NOTE
r-devel-linux-x86_64-debian-gcc 0.1.6 1.92 70.26 72.18 NOTE
r-devel-linux-x86_64-fedora-clang 0.1.6 165.00 OK
r-devel-linux-x86_64-fedora-gcc 0.1.6 180.07 OK
r-devel-windows-x86_64 0.1.6 5.00 108.00 113.00 OK
r-patched-linux-x86_64 0.1.6 2.71 97.05 99.76 OK
r-release-linux-x86_64 0.1.6 2.64 95.87 98.51 OK
r-release-macos-arm64 0.1.6 1.00 53.00 54.00 OK
r-release-macos-x86_64 0.1.6 2.00 103.00 105.00 OK
r-release-windows-x86_64 0.1.6 5.00 107.00 112.00 OK
r-oldrel-macos-arm64 0.1.6 1.00 61.00 62.00 OK
r-oldrel-macos-x86_64 0.1.6 4.00 130.00 134.00 OK
r-oldrel-windows-x86_64 0.1.6 6.00 139.00 145.00 OK

Check Details

Version: 0.1.6
Check: HTML version of manual
Result: NOTE Found the following HTML validation problems: pca_predict.html:54:1 (pca_predict.Rd:14): Warning: missing </ul> before </div> Flavors: r-devel-linux-x86_64-debian-clang, r-devel-linux-x86_64-debian-gcc