Last updated on 2025-07-03 09:50:57 CEST.
Flavor | Version | Tinstall | Tcheck | Ttotal | Status | Flags |
---|---|---|---|---|---|---|
r-devel-linux-x86_64-debian-clang | 1.4 | 92.42 | 87.71 | 180.13 | OK | |
r-devel-linux-x86_64-debian-gcc | 1.4 | 61.01 | 63.48 | 124.49 | OK | |
r-devel-linux-x86_64-fedora-clang | 1.4 | 328.19 | OK | |||
r-devel-linux-x86_64-fedora-gcc | 1.4 | 284.86 | OK | |||
r-devel-windows-x86_64 | 1.4 | 100.00 | 110.00 | 210.00 | OK | |
r-patched-linux-x86_64 | 1.4 | 87.31 | 82.03 | 169.34 | OK | |
r-release-linux-x86_64 | 1.4 | 90.49 | 84.29 | 174.78 | OK | |
r-release-macos-arm64 | 1.4 | 62.00 | OK | |||
r-release-macos-x86_64 | 1.4 | 107.00 | OK | |||
r-release-windows-x86_64 | 1.4 | 103.00 | 107.00 | 210.00 | OK | |
r-oldrel-macos-arm64 | 1.4 | 69.00 | NOTE | |||
r-oldrel-macos-x86_64 | 1.4 | 85.00 | NOTE | |||
r-oldrel-windows-x86_64 | 1.4 | 124.00 | 143.00 | 267.00 | OK |
Version: 1.4
Check: installed package size
Result: NOTE
installed size is 5.0Mb
sub-directories of 1Mb or more:
libs 4.3Mb
Flavors: r-oldrel-macos-arm64, r-oldrel-macos-x86_64