Last updated on 2025-10-21 09:48:52 CEST.
Flavor | Version | Tinstall | Tcheck | Ttotal | Status | Flags |
---|---|---|---|---|---|---|
r-devel-linux-x86_64-debian-clang | 1.0.0 | 3.03 | 83.82 | 86.85 | OK | |
r-devel-linux-x86_64-debian-gcc | 1.0.0 | 2.16 | 64.23 | 66.39 | NOTE | |
r-devel-linux-x86_64-fedora-clang | 1.0.0 | 127.58 | OK | |||
r-devel-linux-x86_64-fedora-gcc | 1.0.0 | 108.97 | OK | |||
r-devel-windows-x86_64 | 1.0.0 | 7.00 | 81.00 | 88.00 | OK | |
r-patched-linux-x86_64 | 1.0.0 | 3.33 | 68.54 | 71.87 | OK | |
r-release-linux-x86_64 | 1.0.0 | 3.22 | 69.94 | 73.16 | OK | |
r-release-macos-arm64 | 1.0.0 | 48.00 | OK | |||
r-release-macos-x86_64 | 1.0.0 | 57.00 | OK | |||
r-release-windows-x86_64 | 1.0.0 | 9.00 | 84.00 | 93.00 | OK | |
r-oldrel-macos-arm64 | 1.0.0 | 28.00 | NOTE | |||
r-oldrel-macos-x86_64 | 1.0.0 | 46.00 | NOTE | |||
r-oldrel-windows-x86_64 | 1.0.0 | 10.00 | 103.00 | 113.00 | NOTE |
Version: 1.0.0
Check: HTML version of manual
Result: NOTE
Found the following HTML validation problems:
axis.angle.html:46:1 (axis.angle.Rd:10): Warning: missing </ul> before </div>
axis.distance.html:46:1 (axis.distance.Rd:10): Warning: missing </ul> before </div>
level.html:46:1 (level.Rd:10): Warning: missing </ul> before </div>
obj.rec.html:46:1 (obj.rec.Rd:10): Warning: missing </ul> before </div>
point.distance.html:46:1 (point.distance.Rd:10): Warning: missing </ul> before </div>
project.html:46:1 (project.Rd:10): Warning: missing </ul> before </div>
raster.proj.html:46:1 (raster.proj.Rd:10): Warning: missing </ul> before </div>
sub.obj.html:46:1 (sub.obj.Rd:10): Warning: missing </ul> before </div>
surface.html:46:1 (surface.Rd:10): Warning: missing </ul> before </div>
Flavor: r-devel-linux-x86_64-debian-gcc
Version: 1.0.0
Check: LazyData
Result: NOTE
'LazyData' is specified without a 'data' directory
Flavors: r-oldrel-macos-arm64, r-oldrel-macos-x86_64, r-oldrel-windows-x86_64