Last updated on 2025-07-04 09:50:09 CEST.
Flavor | Version | Tinstall | Tcheck | Ttotal | Status | Flags |
---|---|---|---|---|---|---|
r-devel-linux-x86_64-debian-clang | 0.1.4 | 10.43 | 143.60 | 154.03 | OK | |
r-devel-linux-x86_64-debian-gcc | 0.1.4 | 7.53 | 108.22 | 115.75 | OK | |
r-devel-linux-x86_64-fedora-clang | 0.1.4 | 214.39 | OK | |||
r-devel-linux-x86_64-fedora-gcc | 0.1.4 | 212.71 | OK | |||
r-devel-windows-x86_64 | 0.1.4 | 11.00 | 112.00 | 123.00 | OK | |
r-patched-linux-x86_64 | 0.1.4 | 8.92 | 137.55 | 146.47 | OK | |
r-release-linux-x86_64 | 0.1.4 | 10.73 | 135.37 | 146.10 | OK | |
r-release-macos-arm64 | 0.1.4 | 56.00 | OK | |||
r-release-macos-x86_64 | 0.1.4 | 115.00 | OK | |||
r-release-windows-x86_64 | 0.1.4 | 12.00 | 109.00 | 121.00 | OK | |
r-oldrel-macos-arm64 | 0.1.4 | 58.00 | NOTE | |||
r-oldrel-macos-x86_64 | 0.1.4 | 104.00 | NOTE | |||
r-oldrel-windows-x86_64 | 0.1.4 | 15.00 | 139.00 | 154.00 | NOTE |
Version: 0.1.4
Check: package dependencies
Result: NOTE
Package suggested but not available for checking: ‘wmtsa’
Flavors: r-oldrel-macos-arm64, r-oldrel-macos-x86_64, r-oldrel-windows-x86_64