Last updated on 2025-10-22 09:50:58 CEST.
Flavor | Version | Tinstall | Tcheck | Ttotal | Status | Flags |
---|---|---|---|---|---|---|
r-devel-linux-x86_64-debian-clang | 2.1.2 | 95.64 | 89.06 | 184.70 | WARN | |
r-devel-linux-x86_64-debian-gcc | 2.1.3 | 64.09 | 61.92 | 126.01 | OK | |
r-devel-linux-x86_64-fedora-clang | 2.1.3 | 45.00 | 130.05 | 175.05 | OK | |
r-devel-linux-x86_64-fedora-gcc | 2.1.3 | 44.00 | 110.87 | 154.87 | OK | |
r-devel-windows-x86_64 | 2.1.2 | 96.00 | 112.00 | 208.00 | WARN | |
r-patched-linux-x86_64 | 2.1.2 | 90.27 | 83.49 | 173.76 | WARN | |
r-release-linux-x86_64 | 2.1.2 | 92.16 | 82.45 | 174.61 | WARN | |
r-release-macos-arm64 | 2.1.3 | 34.00 | 38.00 | 72.00 | OK | |
r-release-macos-x86_64 | 2.1.3 | 54.00 | 101.00 | 155.00 | OK | |
r-release-windows-x86_64 | 2.1.3 | 109.00 | 117.00 | 226.00 | OK | |
r-oldrel-macos-arm64 | 2.1.3 | 36.00 | 41.00 | 77.00 | NOTE | |
r-oldrel-macos-x86_64 | 2.1.3 | 63.00 | 100.00 | 163.00 | NOTE | |
r-oldrel-windows-x86_64 | 2.1.3 | 92.00 | 152.00 | 244.00 | OK |
Version: 2.1.2
Check: CRAN incoming feasibility
Result: NOTE
Maintainer: ‘Leah F. South <leah.south@hdr.qut.edu.au>’
The Description field contains
<arXiv:1811.05073>), control functionals (CF, Oates et al. (2017)
South et al., 2020 <arXiv:2002.00033>). ZV-CV is a parametric approach
Please refer to arXiv e-prints via their arXiv DOI <doi:10.48550/arXiv.YYMM.NNNNN>.
Flavor: r-devel-linux-x86_64-debian-clang
Version: 2.1.2
Check: whether package can be installed
Result: WARN
Found the following significant warnings:
getPoly.cpp:266:48: warning: 'from<unsigned int, arma::mtOp<unsigned int, arma::mtOp<unsigned int, arma::Col<unsigned int>, arma::op_rel_eq>, arma::op_find_simple>>' is deprecated: replace conv_to<...>::from(X) with as_scalar(X) [-Wdeprecated-declarations]
See ‘/home/hornik/tmp/R.check/r-devel-clang/Work/PKGS/ZVCV.Rcheck/00install.out’ for details.
* used C++ compiler: ‘Debian clang version 19.1.7 (7)’
Flavor: r-devel-linux-x86_64-debian-clang
Version: 2.1.2
Check: whether package can be installed
Result: WARN
Found the following significant warnings:
getPoly.cpp:266:66: warning: 'static out_eT arma::conv_to<out_eT>::from(const arma::Base<eT2, expr>&, const typename arma::arma_not_cx<in_eT>::result*) [with in_eT = unsigned int; T1 = arma::mtOp<unsigned int, arma::mtOp<unsigned int, arma::Col<unsigned int>, arma::op_rel_eq>, arma::op_find_simple>; out_eT = unsigned int; typename arma::arma_not_cx<in_eT>::result = unsigned int]' is deprecated: replace conv_to<...>::from(X) with as_scalar(X) [-Wdeprecated-declarations]
See 'd:/Rcompile/CRANpkg/local/4.6/ZVCV.Rcheck/00install.out' for details.
* used C++ compiler: 'g++.exe (GCC) 14.2.0'
Flavor: r-devel-windows-x86_64
Version: 2.1.2
Check: whether package can be installed
Result: WARN
Found the following significant warnings:
getPoly.cpp:266:66: warning: ‘static out_eT arma::conv_to<out_eT>::from(const arma::Base<eT2, expr>&, const typename arma::arma_not_cx<in_eT>::result*) [with in_eT = unsigned int; T1 = arma::mtOp<unsigned int, arma::mtOp<unsigned int, arma::Col<unsigned int>, arma::op_rel_eq>, arma::op_find_simple>; out_eT = unsigned int; typename arma::arma_not_cx<in_eT>::result = unsigned int]’ is deprecated: replace conv_to<...>::from(X) with as_scalar(X) [-Wdeprecated-declarations]
See ‘/home/hornik/tmp/R.check/r-patched-gcc/Work/PKGS/ZVCV.Rcheck/00install.out’ for details.
* used C++ compiler: ‘g++-14 (Debian 14.3.0-8) 14.3.0’
Flavor: r-patched-linux-x86_64
Version: 2.1.2
Check: whether package can be installed
Result: WARN
Found the following significant warnings:
getPoly.cpp:266:66: warning: ‘static out_eT arma::conv_to<out_eT>::from(const arma::Base<eT2, expr>&, const typename arma::arma_not_cx<in_eT>::result*) [with in_eT = unsigned int; T1 = arma::mtOp<unsigned int, arma::mtOp<unsigned int, arma::Col<unsigned int>, arma::op_rel_eq>, arma::op_find_simple>; out_eT = unsigned int; typename arma::arma_not_cx<in_eT>::result = unsigned int]’ is deprecated: replace conv_to<...>::from(X) with as_scalar(X) [-Wdeprecated-declarations]
See ‘/home/hornik/tmp/R.check/r-release-gcc/Work/PKGS/ZVCV.Rcheck/00install.out’ for details.
* used C++ compiler: ‘g++-14 (Debian 14.3.0-8) 14.3.0’
Flavor: r-release-linux-x86_64
Version: 2.1.3
Check: installed package size
Result: NOTE
installed size is 10.4Mb
sub-directories of 1Mb or more:
libs 10.1Mb
Flavors: r-oldrel-macos-arm64, r-oldrel-macos-x86_64