Last updated on 2025-10-21 09:48:25 CEST.
Flavor | Version | Tinstall | Tcheck | Ttotal | Status | Flags |
---|---|---|---|---|---|---|
r-devel-linux-x86_64-debian-clang | 0.9.1 | 3.41 | 41.21 | 44.62 | OK | |
r-devel-linux-x86_64-debian-gcc | 0.9.1 | 2.30 | 33.23 | 35.53 | NOTE | |
r-devel-linux-x86_64-fedora-clang | 0.9.1 | 68.65 | OK | |||
r-devel-linux-x86_64-fedora-gcc | 0.9.1 | 79.74 | OK | |||
r-devel-windows-x86_64 | 0.9.1 | 6.00 | 64.00 | 70.00 | OK | |
r-patched-linux-x86_64 | 0.9.1 | 3.68 | 38.59 | 42.27 | OK | |
r-release-linux-x86_64 | 0.9.1 | 3.44 | 38.52 | 41.96 | OK | |
r-release-macos-arm64 | 0.9.1 | 40.00 | OK | |||
r-release-macos-x86_64 | 0.9.1 | 77.00 | OK | |||
r-release-windows-x86_64 | 0.9.1 | 6.00 | 66.00 | 72.00 | OK | |
r-oldrel-macos-arm64 | 0.9.1 | 43.00 | OK | |||
r-oldrel-macos-x86_64 | 0.9.1 | 59.00 | OK | |||
r-oldrel-windows-x86_64 | 0.9.1 | 7.00 | 75.00 | 82.00 | OK |
Version: 0.9.1
Check: HTML version of manual
Result: NOTE
Found the following HTML validation problems:
download_data.html:47:1 (download_data.Rd:11): Warning: missing </ul> before </div>
merge_eigenstrat.html:54:1 (merge_eigenstrat.Rd:14): Warning: missing </ul> before </div>
print.EIGENSTRAT.html:51:1 (print.EIGENSTRAT.Rd:12): Warning: missing </ul> before </div>
print.admixr_result.html:53:1 (print.admixr_result.Rd:13): Warning: missing </ul> before </div>
write_ind.html:54:1 (write_ind.Rd:18): Warning: missing </ul> before </div>
Flavor: r-devel-linux-x86_64-debian-gcc