Last updated on 2025-10-21 09:48:25 CEST.
Flavor | Version | Tinstall | Tcheck | Ttotal | Status | Flags |
---|---|---|---|---|---|---|
r-devel-linux-x86_64-debian-clang | 1.5-0 | 17.89 | 363.83 | 381.72 | OK | |
r-devel-linux-x86_64-debian-gcc | 1.5-0 | 11.59 | 245.31 | 256.90 | NOTE | |
r-devel-linux-x86_64-fedora-clang | 1.5-0 | 633.46 | NOTE | |||
r-devel-linux-x86_64-fedora-gcc | 1.5-0 | 620.07 | NOTE | |||
r-devel-windows-x86_64 | 1.5-0 | 19.00 | 327.00 | 346.00 | OK | |
r-patched-linux-x86_64 | 1.5-0 | 17.44 | 347.82 | 365.26 | OK | |
r-release-linux-x86_64 | 1.5-0 | 16.91 | 346.98 | 363.89 | OK | |
r-release-macos-arm64 | 1.5-0 | 154.00 | OK | |||
r-release-macos-x86_64 | 1.5-0 | 358.00 | OK | |||
r-release-windows-x86_64 | 1.5-0 | 20.00 | 329.00 | 349.00 | OK | |
r-oldrel-macos-arm64 | 1.5-0 | 156.00 | OK | |||
r-oldrel-macos-x86_64 | 1.5-0 | 324.00 | OK | |||
r-oldrel-windows-x86_64 | 1.5-0 | 24.00 | 444.00 | 468.00 | OK |
Version: 1.5-0
Check: HTML version of manual
Result: NOTE
Found the following HTML validation problems:
deprecated.html:51:1 (deprecated.Rd:15): Warning: missing </ul> before </div>
Flavors: r-devel-linux-x86_64-debian-gcc, r-devel-linux-x86_64-fedora-clang, r-devel-linux-x86_64-fedora-gcc