Last updated on 2025-10-22 09:50:26 CEST.
Flavor | Version | Tinstall | Tcheck | Ttotal | Status | Flags |
---|---|---|---|---|---|---|
r-devel-linux-x86_64-debian-clang | 0.3.1 | 5.52 | 126.13 | 131.65 | NOTE | |
r-devel-linux-x86_64-debian-gcc | 0.3.1 | 3.86 | 85.98 | 89.84 | NOTE | |
r-devel-linux-x86_64-fedora-clang | 0.3.1 | 12.00 | 204.30 | 216.30 | OK | |
r-devel-linux-x86_64-fedora-gcc | 0.3.1 | 12.00 | 210.28 | 222.28 | OK | |
r-devel-windows-x86_64 | 0.3.1 | 8.00 | 131.00 | 139.00 | OK | |
r-patched-linux-x86_64 | 0.3.1 | 5.31 | 116.91 | 122.22 | OK | |
r-release-linux-x86_64 | 0.3.1 | 5.38 | 118.33 | 123.71 | OK | |
r-release-macos-arm64 | 0.3.1 | 3.00 | 61.00 | 64.00 | OK | |
r-release-macos-x86_64 | 0.3.1 | 4.00 | 102.00 | 106.00 | OK | |
r-release-windows-x86_64 | 0.3.1 | 8.00 | 122.00 | 130.00 | OK | |
r-oldrel-macos-arm64 | 0.3.1 | 2.00 | 51.00 | 53.00 | NOTE | |
r-oldrel-macos-x86_64 | 0.3.1 | 4.00 | 79.00 | 83.00 | NOTE | |
r-oldrel-windows-x86_64 | 0.3.1 | 11.00 | 160.00 | 171.00 | NOTE |
Version: 0.3.1
Check: HTML version of manual
Result: NOTE
Found the following HTML validation problems:
is.ahn.html:46:1 (is.ahn.Rd:10): Warning: missing </ul> before </div>
Flavors: r-devel-linux-x86_64-debian-clang, r-devel-linux-x86_64-debian-gcc
Version: 0.3.1
Check: LazyData
Result: NOTE
'LazyData' is specified without a 'data' directory
Flavors: r-oldrel-macos-arm64, r-oldrel-macos-x86_64, r-oldrel-windows-x86_64